{"id":1000,"date":"2023-12-30T10:36:06","date_gmt":"2023-12-30T09:36:06","guid":{"rendered":"https:\/\/serbenidorm.daliisolutions.com\/index.php\/dm-podcast\/maria-jose-catala-alcaldesa-de-valencia-hace-un-llamamiento-a-consumir-productos-de-proximidad-en-una-visita-a-mercavalencia\/"},"modified":"2023-12-30T10:36:06","modified_gmt":"2023-12-30T09:36:06","slug":"maria-jose-catala-alcaldesa-de-valencia-hace-un-llamamiento-a-consumir-productos-de-proximidad-en-una-visita-a-mercavalencia","status":"publish","type":"dm-podcast","link":"https:\/\/serbenidorm.daliisolutions.com\/index.php\/dm-podcast\/maria-jose-catala-alcaldesa-de-valencia-hace-un-llamamiento-a-consumir-productos-de-proximidad-en-una-visita-a-mercavalencia\/","title":{"rendered":"Mar\u00eda Jos\u00e9 Catal\u00e1 (alcaldesa de Val\u00e8ncia) hace un llamamiento a consumir productos de proximidad en una visita a Mercavalencia"},"featured_media":0,"template":"","meta":{"_acf_changed":false},"dm-programa":[7],"class_list":["post-1000","dm-podcast","type-dm-podcast","status-publish","hentry","dm-programa-podcast-radio-valencia-hora-14-comunitat-valenciana-2298"],"acf":{"url":"https:\/\/sdmedia.playser.cadenaser.com\/playser\/multimedia\/202312\/29\/1703841713322_1703841817_audio_128.mp3"},"_links":{"self":[{"href":"https:\/\/serbenidorm.daliisolutions.com\/index.php\/wp-json\/wp\/v2\/dm-podcast\/1000","targetHints":{"allow":["GET"]}}],"collection":[{"href":"https:\/\/serbenidorm.daliisolutions.com\/index.php\/wp-json\/wp\/v2\/dm-podcast"}],"about":[{"href":"https:\/\/serbenidorm.daliisolutions.com\/index.php\/wp-json\/wp\/v2\/types\/dm-podcast"}],"wp:attachment":[{"href":"https:\/\/serbenidorm.daliisolutions.com\/index.php\/wp-json\/wp\/v2\/media?parent=1000"}],"wp:term":[{"taxonomy":"dm-programa","embeddable":true,"href":"https:\/\/serbenidorm.daliisolutions.com\/index.php\/wp-json\/wp\/v2\/dm-programa?post=1000"}],"curies":[{"name":"wp","href":"https:\/\/api.w.org\/{rel}","templated":true}]}}

María José Catalá (alcaldesa de València) hace un llamamiento a consumir productos de proximidad en una visita a Mercavalencia
