{"id":1004,"date":"2023-12-30T15:50:05","date_gmt":"2023-12-30T14:50:05","guid":{"rendered":"https:\/\/serbenidorm.daliisolutions.com\/index.php\/dm-podcast\/marian-sintes-accio-ecologista-agro-sobre-el-negacionismo-del-cambio-climatico\/"},"modified":"2023-12-30T15:50:05","modified_gmt":"2023-12-30T14:50:05","slug":"marian-sintes-accio-ecologista-agro-sobre-el-negacionismo-del-cambio-climatico","status":"publish","type":"dm-podcast","link":"https:\/\/serbenidorm.daliisolutions.com\/index.php\/dm-podcast\/marian-sintes-accio-ecologista-agro-sobre-el-negacionismo-del-cambio-climatico\/","title":{"rendered":"Marian Sintes (Acci\u00f3 Ecologista-Agr\u00f3) sobre el negacionismo del cambio clim\u00e1tico"},"featured_media":0,"template":"","meta":{"_acf_changed":false},"dm-programa":[7],"class_list":["post-1004","dm-podcast","type-dm-podcast","status-publish","hentry","dm-programa-podcast-radio-valencia-hora-14-comunitat-valenciana-2298"],"acf":{"url":"https:\/\/sdmedia.playser.cadenaser.com\/playser\/multimedia\/202312\/30\/1703937124488_1703937136_audio_128.mp3"},"_links":{"self":[{"href":"https:\/\/serbenidorm.daliisolutions.com\/index.php\/wp-json\/wp\/v2\/dm-podcast\/1004","targetHints":{"allow":["GET"]}}],"collection":[{"href":"https:\/\/serbenidorm.daliisolutions.com\/index.php\/wp-json\/wp\/v2\/dm-podcast"}],"about":[{"href":"https:\/\/serbenidorm.daliisolutions.com\/index.php\/wp-json\/wp\/v2\/types\/dm-podcast"}],"wp:attachment":[{"href":"https:\/\/serbenidorm.daliisolutions.com\/index.php\/wp-json\/wp\/v2\/media?parent=1004"}],"wp:term":[{"taxonomy":"dm-programa","embeddable":true,"href":"https:\/\/serbenidorm.daliisolutions.com\/index.php\/wp-json\/wp\/v2\/dm-programa?post=1004"}],"curies":[{"name":"wp","href":"https:\/\/api.w.org\/{rel}","templated":true}]}}

Marian Sintes (Acció Ecologista-Agró) sobre el negacionismo del cambio climático
