{"id":1071,"date":"2024-01-03T07:26:13","date_gmt":"2024-01-03T06:26:13","guid":{"rendered":"https:\/\/serbenidorm.daliisolutions.com\/index.php\/dm-podcast\/marciano-gomez-conseller-de-sanitat-anuncia-que-solicitara-al-ministerio-de-sanidad-mas-plazas-mir-especializadas-en-medicina-familiar\/"},"modified":"2024-01-03T07:26:13","modified_gmt":"2024-01-03T06:26:13","slug":"marciano-gomez-conseller-de-sanitat-anuncia-que-solicitara-al-ministerio-de-sanidad-mas-plazas-mir-especializadas-en-medicina-familiar","status":"publish","type":"dm-podcast","link":"https:\/\/serbenidorm.daliisolutions.com\/index.php\/dm-podcast\/marciano-gomez-conseller-de-sanitat-anuncia-que-solicitara-al-ministerio-de-sanidad-mas-plazas-mir-especializadas-en-medicina-familiar\/","title":{"rendered":"Marciano G\u00f3mez (conseller de Sanitat) anuncia que solicitar\u00e1 al Ministerio de Sanidad m\u00e1s plazas MIR especializadas en medicina familiar"},"featured_media":0,"template":"","meta":{"_acf_changed":false},"dm-programa":[7],"class_list":["post-1071","dm-podcast","type-dm-podcast","status-publish","hentry","dm-programa-podcast-radio-valencia-hora-14-comunitat-valenciana-2298"],"acf":{"url":"https:\/\/sdmedia.playser.cadenaser.com\/playser\/multimedia\/20241\/2\/1704205238346_1704205262_audio_128.mp3"},"_links":{"self":[{"href":"https:\/\/serbenidorm.daliisolutions.com\/index.php\/wp-json\/wp\/v2\/dm-podcast\/1071","targetHints":{"allow":["GET"]}}],"collection":[{"href":"https:\/\/serbenidorm.daliisolutions.com\/index.php\/wp-json\/wp\/v2\/dm-podcast"}],"about":[{"href":"https:\/\/serbenidorm.daliisolutions.com\/index.php\/wp-json\/wp\/v2\/types\/dm-podcast"}],"wp:attachment":[{"href":"https:\/\/serbenidorm.daliisolutions.com\/index.php\/wp-json\/wp\/v2\/media?parent=1071"}],"wp:term":[{"taxonomy":"dm-programa","embeddable":true,"href":"https:\/\/serbenidorm.daliisolutions.com\/index.php\/wp-json\/wp\/v2\/dm-programa?post=1071"}],"curies":[{"name":"wp","href":"https:\/\/api.w.org\/{rel}","templated":true}]}}

Marciano Gómez (conseller de Sanitat) anuncia que solicitará al Ministerio de Sanidad más plazas MIR especializadas en medicina familiar
