{"id":1115,"date":"2024-01-04T16:06:23","date_gmt":"2024-01-04T15:06:23","guid":{"rendered":"https:\/\/serbenidorm.daliisolutions.com\/index.php\/dm-podcast\/maria-angeles-gomez-ccoo-pide-mas-planificacion-a-sanitat-porque-segun-afirma-estos-picos-son-habituales-cada-ano\/"},"modified":"2024-01-04T16:06:23","modified_gmt":"2024-01-04T15:06:23","slug":"maria-angeles-gomez-ccoo-pide-mas-planificacion-a-sanitat-porque-segun-afirma-estos-picos-son-habituales-cada-ano","status":"publish","type":"dm-podcast","link":"https:\/\/serbenidorm.daliisolutions.com\/index.php\/dm-podcast\/maria-angeles-gomez-ccoo-pide-mas-planificacion-a-sanitat-porque-segun-afirma-estos-picos-son-habituales-cada-ano\/","title":{"rendered":"Mar\u00eda \u00c1ngeles G\u00f3mez (CCOO) pide m\u00e1s planificaci\u00f3n a Sanitat porque seg\u00fan afirma estos picos son habituales cada a\u00f1o"},"featured_media":0,"template":"","meta":{"_acf_changed":false},"dm-programa":[7],"class_list":["post-1115","dm-podcast","type-dm-podcast","status-publish","hentry","dm-programa-podcast-radio-valencia-hora-14-comunitat-valenciana-2298"],"acf":{"url":"https:\/\/sdmedia.playser.cadenaser.com\/playser\/multimedia\/20241\/4\/1704375275266_1704375274_audio_128.mp3"},"_links":{"self":[{"href":"https:\/\/serbenidorm.daliisolutions.com\/index.php\/wp-json\/wp\/v2\/dm-podcast\/1115","targetHints":{"allow":["GET"]}}],"collection":[{"href":"https:\/\/serbenidorm.daliisolutions.com\/index.php\/wp-json\/wp\/v2\/dm-podcast"}],"about":[{"href":"https:\/\/serbenidorm.daliisolutions.com\/index.php\/wp-json\/wp\/v2\/types\/dm-podcast"}],"wp:attachment":[{"href":"https:\/\/serbenidorm.daliisolutions.com\/index.php\/wp-json\/wp\/v2\/media?parent=1115"}],"wp:term":[{"taxonomy":"dm-programa","embeddable":true,"href":"https:\/\/serbenidorm.daliisolutions.com\/index.php\/wp-json\/wp\/v2\/dm-programa?post=1115"}],"curies":[{"name":"wp","href":"https:\/\/api.w.org\/{rel}","templated":true}]}}

María Ángeles Gómez (CCOO) pide más planificación a Sanitat porque según afirma estos picos son habituales cada año
