{"id":1148,"date":"2024-01-05T20:12:42","date_gmt":"2024-01-05T19:12:42","guid":{"rendered":"https:\/\/serbenidorm.daliisolutions.com\/index.php\/dm-podcast\/toda-la-programacion-cultural-de-enero-en-benidorm-con-jaime-jesus-perez\/"},"modified":"2024-01-05T20:12:42","modified_gmt":"2024-01-05T19:12:42","slug":"toda-la-programacion-cultural-de-enero-en-benidorm-con-jaime-jesus-perez","status":"publish","type":"dm-podcast","link":"https:\/\/serbenidorm.daliisolutions.com\/index.php\/dm-podcast\/toda-la-programacion-cultural-de-enero-en-benidorm-con-jaime-jesus-perez\/","title":{"rendered":"Toda la programaci\u00f3n cultural de enero en Benidorm con Jaime Jes\u00fas P\u00e9rez"},"featured_media":0,"template":"","meta":{"_acf_changed":false},"dm-programa":[2],"class_list":["post-1148","dm-podcast","type-dm-podcast","status-publish","hentry","dm-programa-podcast-radio-benidorm-3154"],"acf":{"url":"https:\/\/sdmedia.playser.cadenaser.com\/playser\/multimedia\/20241\/5\/1704445537075_1704445560_audio_128.mp3"},"_links":{"self":[{"href":"https:\/\/serbenidorm.daliisolutions.com\/index.php\/wp-json\/wp\/v2\/dm-podcast\/1148","targetHints":{"allow":["GET"]}}],"collection":[{"href":"https:\/\/serbenidorm.daliisolutions.com\/index.php\/wp-json\/wp\/v2\/dm-podcast"}],"about":[{"href":"https:\/\/serbenidorm.daliisolutions.com\/index.php\/wp-json\/wp\/v2\/types\/dm-podcast"}],"wp:attachment":[{"href":"https:\/\/serbenidorm.daliisolutions.com\/index.php\/wp-json\/wp\/v2\/media?parent=1148"}],"wp:term":[{"taxonomy":"dm-programa","embeddable":true,"href":"https:\/\/serbenidorm.daliisolutions.com\/index.php\/wp-json\/wp\/v2\/dm-programa?post=1148"}],"curies":[{"name":"wp","href":"https:\/\/api.w.org\/{rel}","templated":true}]}}

Toda la programación cultural de enero en Benidorm con Jaime Jesús Pérez
