{"id":1168,"date":"2024-01-07T11:59:45","date_gmt":"2024-01-07T10:59:45","guid":{"rendered":"https:\/\/serbenidorm.daliisolutions.com\/index.php\/dm-podcast\/rafa-torres-confecomerc-se-esta-facturando-mas-pero-se-estan-vendiendo-menos-cosas\/"},"modified":"2024-01-07T11:59:45","modified_gmt":"2024-01-07T10:59:45","slug":"rafa-torres-confecomerc-se-esta-facturando-mas-pero-se-estan-vendiendo-menos-cosas","status":"publish","type":"dm-podcast","link":"https:\/\/serbenidorm.daliisolutions.com\/index.php\/dm-podcast\/rafa-torres-confecomerc-se-esta-facturando-mas-pero-se-estan-vendiendo-menos-cosas\/","title":{"rendered":"Rafa Torres (Confecomer\u00e7): \u00abSe est\u00e1 facturando m\u00e1s, pero se est\u00e1n vendiendo menos cosas\u00bb"},"featured_media":0,"template":"","meta":{"_acf_changed":false},"dm-programa":[7],"class_list":["post-1168","dm-podcast","type-dm-podcast","status-publish","hentry","dm-programa-podcast-radio-valencia-hora-14-comunitat-valenciana-2298"],"acf":{"url":"https:\/\/sdmedia.playser.cadenaser.com\/playser\/multimedia\/20241\/6\/1704534771346_1704534807_audio_128.mp3"},"_links":{"self":[{"href":"https:\/\/serbenidorm.daliisolutions.com\/index.php\/wp-json\/wp\/v2\/dm-podcast\/1168","targetHints":{"allow":["GET"]}}],"collection":[{"href":"https:\/\/serbenidorm.daliisolutions.com\/index.php\/wp-json\/wp\/v2\/dm-podcast"}],"about":[{"href":"https:\/\/serbenidorm.daliisolutions.com\/index.php\/wp-json\/wp\/v2\/types\/dm-podcast"}],"wp:attachment":[{"href":"https:\/\/serbenidorm.daliisolutions.com\/index.php\/wp-json\/wp\/v2\/media?parent=1168"}],"wp:term":[{"taxonomy":"dm-programa","embeddable":true,"href":"https:\/\/serbenidorm.daliisolutions.com\/index.php\/wp-json\/wp\/v2\/dm-programa?post=1168"}],"curies":[{"name":"wp","href":"https:\/\/api.w.org\/{rel}","templated":true}]}}

Rafa Torres (Confecomerç): «Se está facturando más, pero se están vendiendo menos cosas»
