{"id":1190,"date":"2024-01-08T16:25:26","date_gmt":"2024-01-08T15:25:26","guid":{"rendered":"https:\/\/serbenidorm.daliisolutions.com\/index.php\/dm-podcast\/en-el-laberinto-de-la-mente-la-psicologa-esther-mercader-nos-habla-de-como-afrontar-los-propositos-de-ano-nuevo\/"},"modified":"2024-01-08T16:25:26","modified_gmt":"2024-01-08T15:25:26","slug":"en-el-laberinto-de-la-mente-la-psicologa-esther-mercader-nos-habla-de-como-afrontar-los-propositos-de-ano-nuevo","status":"publish","type":"dm-podcast","link":"https:\/\/serbenidorm.daliisolutions.com\/index.php\/dm-podcast\/en-el-laberinto-de-la-mente-la-psicologa-esther-mercader-nos-habla-de-como-afrontar-los-propositos-de-ano-nuevo\/","title":{"rendered":"En El Laberinto de la Mente la psic\u00f3loga, Esther Mercader, nos habla de c\u00f3mo afrontar los prop\u00f3sitos de a\u00f1o nuevo"},"featured_media":0,"template":"","meta":{"_acf_changed":false},"dm-programa":[2],"class_list":["post-1190","dm-podcast","type-dm-podcast","status-publish","hentry","dm-programa-podcast-radio-benidorm-3154"],"acf":{"url":"https:\/\/sdmedia.playser.cadenaser.com\/playser\/multimedia\/20241\/8\/1704716255511_1704716389_audio_128.mp3"},"_links":{"self":[{"href":"https:\/\/serbenidorm.daliisolutions.com\/index.php\/wp-json\/wp\/v2\/dm-podcast\/1190","targetHints":{"allow":["GET"]}}],"collection":[{"href":"https:\/\/serbenidorm.daliisolutions.com\/index.php\/wp-json\/wp\/v2\/dm-podcast"}],"about":[{"href":"https:\/\/serbenidorm.daliisolutions.com\/index.php\/wp-json\/wp\/v2\/types\/dm-podcast"}],"wp:attachment":[{"href":"https:\/\/serbenidorm.daliisolutions.com\/index.php\/wp-json\/wp\/v2\/media?parent=1190"}],"wp:term":[{"taxonomy":"dm-programa","embeddable":true,"href":"https:\/\/serbenidorm.daliisolutions.com\/index.php\/wp-json\/wp\/v2\/dm-programa?post=1190"}],"curies":[{"name":"wp","href":"https:\/\/api.w.org\/{rel}","templated":true}]}}

En El Laberinto de la Mente la psicóloga, Esther Mercader, nos habla de cómo afrontar los propósitos de año nuevo
