{"id":1193,"date":"2024-01-08T16:25:26","date_gmt":"2024-01-08T15:25:26","guid":{"rendered":"https:\/\/serbenidorm.daliisolutions.com\/index.php\/dm-podcast\/cristobal-aguado-ava-explica-como-afecta-la-falta-de-lluvia-a-los-arboles-frutales\/"},"modified":"2024-01-08T16:25:26","modified_gmt":"2024-01-08T15:25:26","slug":"cristobal-aguado-ava-explica-como-afecta-la-falta-de-lluvia-a-los-arboles-frutales","status":"publish","type":"dm-podcast","link":"https:\/\/serbenidorm.daliisolutions.com\/index.php\/dm-podcast\/cristobal-aguado-ava-explica-como-afecta-la-falta-de-lluvia-a-los-arboles-frutales\/","title":{"rendered":"Crist\u00f3bal Aguado (AVA) explica c\u00f3mo afecta la falta de lluvia a los \u00e1rboles frutales"},"featured_media":0,"template":"","meta":{"_acf_changed":false},"dm-programa":[7],"class_list":["post-1193","dm-podcast","type-dm-podcast","status-publish","hentry","dm-programa-podcast-radio-valencia-hora-14-comunitat-valenciana-2298"],"acf":{"url":"https:\/\/sdmedia.playser.cadenaser.com\/playser\/multimedia\/20241\/8\/1704711284707_1704711302_audio_128.mp3"},"_links":{"self":[{"href":"https:\/\/serbenidorm.daliisolutions.com\/index.php\/wp-json\/wp\/v2\/dm-podcast\/1193","targetHints":{"allow":["GET"]}}],"collection":[{"href":"https:\/\/serbenidorm.daliisolutions.com\/index.php\/wp-json\/wp\/v2\/dm-podcast"}],"about":[{"href":"https:\/\/serbenidorm.daliisolutions.com\/index.php\/wp-json\/wp\/v2\/types\/dm-podcast"}],"wp:attachment":[{"href":"https:\/\/serbenidorm.daliisolutions.com\/index.php\/wp-json\/wp\/v2\/media?parent=1193"}],"wp:term":[{"taxonomy":"dm-programa","embeddable":true,"href":"https:\/\/serbenidorm.daliisolutions.com\/index.php\/wp-json\/wp\/v2\/dm-programa?post=1193"}],"curies":[{"name":"wp","href":"https:\/\/api.w.org\/{rel}","templated":true}]}}

Cristóbal Aguado (AVA) explica cómo afecta la falta de lluvia a los árboles frutales
