{"id":1205,"date":"2024-01-08T18:11:50","date_gmt":"2024-01-08T17:11:50","guid":{"rendered":""},"modified":"2024-01-08T18:11:50","modified_gmt":"2024-01-08T17:11:50","slug":"bartolome-perez-galvez-director-de-la-oficina-autonomica-de-salud-mental-y-adicciones-senala-que-en-la-salud-mental-no-cabe-ideologia-y-que-el-plan-se-va-a-basar-en-criterios-puramente-cientificos","status":"publish","type":"dm-podcast","link":"https:\/\/serbenidorm.daliisolutions.com\/index.php\/dm-podcast\/bartolome-perez-galvez-director-de-la-oficina-autonomica-de-salud-mental-y-adicciones-senala-que-en-la-salud-mental-no-cabe-ideologia-y-que-el-plan-se-va-a-basar-en-criterios-puramente-cientificos\/","title":{"rendered":"Bartolom\u00e9 P\u00e9rez G\u00e1lvez (director de la Oficina Auton\u00f3mica de Salud Mental y Adicciones) se\u00f1ala que en la salud mental no cabe ideolog\u00eda y que el plan se va a basar en criterios puramente cient\u00edficos"},"featured_media":0,"template":"","meta":{"_acf_changed":false},"dm-programa":[7],"class_list":["post-1205","dm-podcast","type-dm-podcast","status-publish","hentry","dm-programa-podcast-radio-valencia-hora-14-comunitat-valenciana-2298"],"acf":{"url":"https:\/\/sdmedia.playser.cadenaser.com\/playser\/multimedia\/20241\/8\/1704723111255_1704723111_audio_128.mp3"},"_links":{"self":[{"href":"https:\/\/serbenidorm.daliisolutions.com\/index.php\/wp-json\/wp\/v2\/dm-podcast\/1205","targetHints":{"allow":["GET"]}}],"collection":[{"href":"https:\/\/serbenidorm.daliisolutions.com\/index.php\/wp-json\/wp\/v2\/dm-podcast"}],"about":[{"href":"https:\/\/serbenidorm.daliisolutions.com\/index.php\/wp-json\/wp\/v2\/types\/dm-podcast"}],"wp:attachment":[{"href":"https:\/\/serbenidorm.daliisolutions.com\/index.php\/wp-json\/wp\/v2\/media?parent=1205"}],"wp:term":[{"taxonomy":"dm-programa","embeddable":true,"href":"https:\/\/serbenidorm.daliisolutions.com\/index.php\/wp-json\/wp\/v2\/dm-programa?post=1205"}],"curies":[{"name":"wp","href":"https:\/\/api.w.org\/{rel}","templated":true}]}}

Bartolomé Pérez Gálvez (director de la Oficina Autonómica de Salud Mental y Adicciones) señala que en la salud mental no cabe ideología y que el plan se va a basar en criterios puramente científicos
