{"id":1207,"date":"2024-01-08T18:11:50","date_gmt":"2024-01-08T17:11:50","guid":{"rendered":"https:\/\/serbenidorm.daliisolutions.com\/index.php\/dm-podcast\/bartolome-perez-galvez-director-de-la-oficina-autonomica-de-salud-mental-y-adicciones-detalla-algunas-medidas-de-prevencion-y-educacion-socioemocional\/"},"modified":"2024-01-08T18:11:50","modified_gmt":"2024-01-08T17:11:50","slug":"bartolome-perez-galvez-director-de-la-oficina-autonomica-de-salud-mental-y-adicciones-detalla-algunas-medidas-de-prevencion-y-educacion-socioemocional","status":"publish","type":"dm-podcast","link":"https:\/\/serbenidorm.daliisolutions.com\/index.php\/dm-podcast\/bartolome-perez-galvez-director-de-la-oficina-autonomica-de-salud-mental-y-adicciones-detalla-algunas-medidas-de-prevencion-y-educacion-socioemocional\/","title":{"rendered":"Bartolom\u00e9 P\u00e9rez G\u00e1lvez (director de la Oficina Auton\u00f3mica de Salud Mental y Adicciones) detalla algunas medidas de prevenci\u00f3n y educaci\u00f3n socioemocional"},"featured_media":0,"template":"","meta":{"_acf_changed":false},"dm-programa":[7],"class_list":["post-1207","dm-podcast","type-dm-podcast","status-publish","hentry","dm-programa-podcast-radio-valencia-hora-14-comunitat-valenciana-2298"],"acf":{"url":"https:\/\/sdmedia.playser.cadenaser.com\/playser\/multimedia\/20241\/8\/1704722616210_1704722614_audio_128.mp3"},"_links":{"self":[{"href":"https:\/\/serbenidorm.daliisolutions.com\/index.php\/wp-json\/wp\/v2\/dm-podcast\/1207","targetHints":{"allow":["GET"]}}],"collection":[{"href":"https:\/\/serbenidorm.daliisolutions.com\/index.php\/wp-json\/wp\/v2\/dm-podcast"}],"about":[{"href":"https:\/\/serbenidorm.daliisolutions.com\/index.php\/wp-json\/wp\/v2\/types\/dm-podcast"}],"wp:attachment":[{"href":"https:\/\/serbenidorm.daliisolutions.com\/index.php\/wp-json\/wp\/v2\/media?parent=1207"}],"wp:term":[{"taxonomy":"dm-programa","embeddable":true,"href":"https:\/\/serbenidorm.daliisolutions.com\/index.php\/wp-json\/wp\/v2\/dm-programa?post=1207"}],"curies":[{"name":"wp","href":"https:\/\/api.w.org\/{rel}","templated":true}]}}

Bartolomé Pérez Gálvez (director de la Oficina Autonómica de Salud Mental y Adicciones) detalla algunas medidas de prevención y educación socioemocional
