{"id":1211,"date":"2024-01-09T10:55:08","date_gmt":"2024-01-09T09:55:08","guid":{"rendered":"https:\/\/serbenidorm.daliisolutions.com\/index.php\/dm-podcast\/luisma-rosello-el-policia-de-benidorm-que-rescato-a-un-nino-atragantado-con-un-caramelo-en-la-cabalgata-de-reyes-en-la-ventana-de-la-marina-baixa\/"},"modified":"2024-01-09T10:55:08","modified_gmt":"2024-01-09T09:55:08","slug":"luisma-rosello-el-policia-de-benidorm-que-rescato-a-un-nino-atragantado-con-un-caramelo-en-la-cabalgata-de-reyes-en-la-ventana-de-la-marina-baixa","status":"publish","type":"dm-podcast","link":"https:\/\/serbenidorm.daliisolutions.com\/index.php\/dm-podcast\/luisma-rosello-el-policia-de-benidorm-que-rescato-a-un-nino-atragantado-con-un-caramelo-en-la-cabalgata-de-reyes-en-la-ventana-de-la-marina-baixa\/","title":{"rendered":"Luisma Rosell\u00f3, el polic\u00eda de Benidorm que rescat\u00f3 a un ni\u00f1o atragantado con un caramelo en la cabalgata de Reyes, en La Ventana de la Marina Baixa"},"featured_media":0,"template":"","meta":{"_acf_changed":false},"dm-programa":[2],"class_list":["post-1211","dm-podcast","type-dm-podcast","status-publish","hentry","dm-programa-podcast-radio-benidorm-3154"],"acf":{"url":"https:\/\/sdmedia.playser.cadenaser.com\/playser\/multimedia\/20241\/8\/1704737661190_1704737692_audio_128.mp3"},"_links":{"self":[{"href":"https:\/\/serbenidorm.daliisolutions.com\/index.php\/wp-json\/wp\/v2\/dm-podcast\/1211","targetHints":{"allow":["GET"]}}],"collection":[{"href":"https:\/\/serbenidorm.daliisolutions.com\/index.php\/wp-json\/wp\/v2\/dm-podcast"}],"about":[{"href":"https:\/\/serbenidorm.daliisolutions.com\/index.php\/wp-json\/wp\/v2\/types\/dm-podcast"}],"wp:attachment":[{"href":"https:\/\/serbenidorm.daliisolutions.com\/index.php\/wp-json\/wp\/v2\/media?parent=1211"}],"wp:term":[{"taxonomy":"dm-programa","embeddable":true,"href":"https:\/\/serbenidorm.daliisolutions.com\/index.php\/wp-json\/wp\/v2\/dm-programa?post=1211"}],"curies":[{"name":"wp","href":"https:\/\/api.w.org\/{rel}","templated":true}]}}

Luisma Roselló, el policía de Benidorm que rescató a un niño atragantado con un caramelo en la cabalgata de Reyes, en La Ventana de la Marina Baixa
