{"id":1243,"date":"2024-01-09T18:27:27","date_gmt":"2024-01-09T17:27:27","guid":{"rendered":"https:\/\/serbenidorm.daliisolutions.com\/index.php\/dm-podcast\/maite-ibanez-no-se-esta-trabajando-la-emergencia-social-se-esta-limitando-el-numero-de-dias-a-unos-estandares-en-los-que-se-la-acogida-se-limita-a-14-dias\/"},"modified":"2024-01-09T18:27:27","modified_gmt":"2024-01-09T17:27:27","slug":"maite-ibanez-no-se-esta-trabajando-la-emergencia-social-se-esta-limitando-el-numero-de-dias-a-unos-estandares-en-los-que-se-la-acogida-se-limita-a-14-dias","status":"publish","type":"dm-podcast","link":"https:\/\/serbenidorm.daliisolutions.com\/index.php\/dm-podcast\/maite-ibanez-no-se-esta-trabajando-la-emergencia-social-se-esta-limitando-el-numero-de-dias-a-unos-estandares-en-los-que-se-la-acogida-se-limita-a-14-dias\/","title":{"rendered":"Maite Ib\u00e1\u00f1ez: \u00abNo se est\u00e1 trabajando la emergencia social. Se est\u00e1 limitando el n\u00famero de d\u00edas a unos est\u00e1ndares en los que se la acogida se limita a 14 d\u00edas\u00bb"},"featured_media":0,"template":"","meta":{"_acf_changed":false},"dm-programa":[7],"class_list":["post-1243","dm-podcast","type-dm-podcast","status-publish","hentry","dm-programa-podcast-radio-valencia-hora-14-comunitat-valenciana-2298"],"acf":{"url":"https:\/\/sdmedia.playser.cadenaser.com\/playser\/multimedia\/20241\/9\/1704813103292_1704813191_audio_128.mp3"},"_links":{"self":[{"href":"https:\/\/serbenidorm.daliisolutions.com\/index.php\/wp-json\/wp\/v2\/dm-podcast\/1243","targetHints":{"allow":["GET"]}}],"collection":[{"href":"https:\/\/serbenidorm.daliisolutions.com\/index.php\/wp-json\/wp\/v2\/dm-podcast"}],"about":[{"href":"https:\/\/serbenidorm.daliisolutions.com\/index.php\/wp-json\/wp\/v2\/types\/dm-podcast"}],"wp:attachment":[{"href":"https:\/\/serbenidorm.daliisolutions.com\/index.php\/wp-json\/wp\/v2\/media?parent=1243"}],"wp:term":[{"taxonomy":"dm-programa","embeddable":true,"href":"https:\/\/serbenidorm.daliisolutions.com\/index.php\/wp-json\/wp\/v2\/dm-programa?post=1243"}],"curies":[{"name":"wp","href":"https:\/\/api.w.org\/{rel}","templated":true}]}}

Maite Ibáñez: «No se está trabajando la emergencia social. Se está limitando el número de días a unos estándares en los que se la acogida se limita a 14 días»
