{"id":1245,"date":"2024-01-09T18:27:27","date_gmt":"2024-01-09T17:27:27","guid":{"rendered":"https:\/\/serbenidorm.daliisolutions.com\/index.php\/dm-podcast\/beatriz-simon-directora-general-de-dependencia-y-personas-mayores-responde-a-las-acusaciones-del-pspv-en-las-que-decian-que-en-las-residencias-no-se-habia-vacunado\/"},"modified":"2024-01-09T18:27:27","modified_gmt":"2024-01-09T17:27:27","slug":"beatriz-simon-directora-general-de-dependencia-y-personas-mayores-responde-a-las-acusaciones-del-pspv-en-las-que-decian-que-en-las-residencias-no-se-habia-vacunado","status":"publish","type":"dm-podcast","link":"https:\/\/serbenidorm.daliisolutions.com\/index.php\/dm-podcast\/beatriz-simon-directora-general-de-dependencia-y-personas-mayores-responde-a-las-acusaciones-del-pspv-en-las-que-decian-que-en-las-residencias-no-se-habia-vacunado\/","title":{"rendered":"Beatriz Sim\u00f3n (directora general de Dependencia y Personas Mayores) responde a las acusaciones del PSPV en las que dec\u00edan que en las residencias no se hab\u00eda vacunado"},"featured_media":0,"template":"","meta":{"_acf_changed":false},"dm-programa":[7],"class_list":["post-1245","dm-podcast","type-dm-podcast","status-publish","hentry","dm-programa-podcast-radio-valencia-hora-14-comunitat-valenciana-2298"],"acf":{"url":"https:\/\/sdmedia.playser.cadenaser.com\/playser\/multimedia\/20241\/9\/1704807396332_1704807414_audio_128.mp3"},"_links":{"self":[{"href":"https:\/\/serbenidorm.daliisolutions.com\/index.php\/wp-json\/wp\/v2\/dm-podcast\/1245","targetHints":{"allow":["GET"]}}],"collection":[{"href":"https:\/\/serbenidorm.daliisolutions.com\/index.php\/wp-json\/wp\/v2\/dm-podcast"}],"about":[{"href":"https:\/\/serbenidorm.daliisolutions.com\/index.php\/wp-json\/wp\/v2\/types\/dm-podcast"}],"wp:attachment":[{"href":"https:\/\/serbenidorm.daliisolutions.com\/index.php\/wp-json\/wp\/v2\/media?parent=1245"}],"wp:term":[{"taxonomy":"dm-programa","embeddable":true,"href":"https:\/\/serbenidorm.daliisolutions.com\/index.php\/wp-json\/wp\/v2\/dm-programa?post=1245"}],"curies":[{"name":"wp","href":"https:\/\/api.w.org\/{rel}","templated":true}]}}

Beatriz Simón (directora general de Dependencia y Personas Mayores) responde a las acusaciones del PSPV en las que decían que en las residencias no se había vacunado
