{"id":1255,"date":"2024-01-10T07:27:12","date_gmt":"2024-01-10T06:27:12","guid":{"rendered":"https:\/\/serbenidorm.daliisolutions.com\/index.php\/dm-podcast\/lucia-beamud-des-de-compromis-exigim-a-catala-que-abandone-el-seu-pla-per-raons-humanitaries-desborrar-les-persones-mes-vulnerables-com-si-no-existiren\/"},"modified":"2024-01-10T07:27:12","modified_gmt":"2024-01-10T06:27:12","slug":"lucia-beamud-des-de-compromis-exigim-a-catala-que-abandone-el-seu-pla-per-raons-humanitaries-desborrar-les-persones-mes-vulnerables-com-si-no-existiren","status":"publish","type":"dm-podcast","link":"https:\/\/serbenidorm.daliisolutions.com\/index.php\/dm-podcast\/lucia-beamud-des-de-compromis-exigim-a-catala-que-abandone-el-seu-pla-per-raons-humanitaries-desborrar-les-persones-mes-vulnerables-com-si-no-existiren\/","title":{"rendered":"Luc\u00eda Beamud: \u00abDes de Comprom\u00eds exigim a Catal\u00e1 que abandone el seu pla per raons humanit\u00e0ries d&#8217;esborrar les persones m\u00e9s vulnerables com si no existiren\u00bb"},"featured_media":0,"template":"","meta":{"_acf_changed":false},"dm-programa":[7],"class_list":["post-1255","dm-podcast","type-dm-podcast","status-publish","hentry","dm-programa-podcast-radio-valencia-hora-14-comunitat-valenciana-2298"],"acf":{"url":"https:\/\/sdmedia.playser.cadenaser.com\/playser\/multimedia\/20241\/9\/1704813275097_1704813350_audio_128.mp3"},"_links":{"self":[{"href":"https:\/\/serbenidorm.daliisolutions.com\/index.php\/wp-json\/wp\/v2\/dm-podcast\/1255","targetHints":{"allow":["GET"]}}],"collection":[{"href":"https:\/\/serbenidorm.daliisolutions.com\/index.php\/wp-json\/wp\/v2\/dm-podcast"}],"about":[{"href":"https:\/\/serbenidorm.daliisolutions.com\/index.php\/wp-json\/wp\/v2\/types\/dm-podcast"}],"wp:attachment":[{"href":"https:\/\/serbenidorm.daliisolutions.com\/index.php\/wp-json\/wp\/v2\/media?parent=1255"}],"wp:term":[{"taxonomy":"dm-programa","embeddable":true,"href":"https:\/\/serbenidorm.daliisolutions.com\/index.php\/wp-json\/wp\/v2\/dm-programa?post=1255"}],"curies":[{"name":"wp","href":"https:\/\/api.w.org\/{rel}","templated":true}]}}

Lucía Beamud: «Des de Compromís exigim a Catalá que abandone el seu pla per raons humanitàries d&#8217;esborrar les persones més vulnerables com si no existiren»
