{"id":131,"date":"2023-11-29T15:22:50","date_gmt":"2023-11-29T14:22:50","guid":{"rendered":"https:\/\/serbenidorm.daliisolutions.com\/index.php\/dm-podcast\/maria-jose-catala-varem-recepcionar-les-obres-de-la-casa-dels-bous-recentment-i-hem-vingut-a-fer-una-visita-dobres\/"},"modified":"2023-11-29T15:55:07","modified_gmt":"2023-11-29T14:55:07","slug":"maria-jose-catala-varem-recepcionar-les-obres-de-la-casa-dels-bous-recentment-i-hem-vingut-a-fer-una-visita-dobres","status":"publish","type":"dm-podcast","link":"https:\/\/serbenidorm.daliisolutions.com\/index.php\/dm-podcast\/maria-jose-catala-varem-recepcionar-les-obres-de-la-casa-dels-bous-recentment-i-hem-vingut-a-fer-una-visita-dobres\/","title":{"rendered":"Mar\u00eda Jos\u00e9 Catal\u00e1: \u00abV\u00e0rem recepcionar les obres [de la Casa dels Bous] recentment i hem vingut a fer una visita d&#8217;obres\u00bb"},"featured_media":0,"template":"","meta":{"_acf_changed":false},"dm-programa":[7],"class_list":["post-131","dm-podcast","type-dm-podcast","status-publish","hentry","dm-programa-podcast-radio-valencia-hora-14-comunitat-valenciana-2298"],"acf":{"url":"https:\/\/sdmedia.playser.cadenaser.com\/playser\/multimedia\/202311\/29\/1701261437288_1701261447_audio_128.mp3"},"_links":{"self":[{"href":"https:\/\/serbenidorm.daliisolutions.com\/index.php\/wp-json\/wp\/v2\/dm-podcast\/131","targetHints":{"allow":["GET"]}}],"collection":[{"href":"https:\/\/serbenidorm.daliisolutions.com\/index.php\/wp-json\/wp\/v2\/dm-podcast"}],"about":[{"href":"https:\/\/serbenidorm.daliisolutions.com\/index.php\/wp-json\/wp\/v2\/types\/dm-podcast"}],"wp:attachment":[{"href":"https:\/\/serbenidorm.daliisolutions.com\/index.php\/wp-json\/wp\/v2\/media?parent=131"}],"wp:term":[{"taxonomy":"dm-programa","embeddable":true,"href":"https:\/\/serbenidorm.daliisolutions.com\/index.php\/wp-json\/wp\/v2\/dm-programa?post=131"}],"curies":[{"name":"wp","href":"https:\/\/api.w.org\/{rel}","templated":true}]}}

María José Catalá: «Vàrem recepcionar les obres [de la Casa dels Bous] recentment i hem vingut a fer una visita d&#8217;obres»
