{"id":132,"date":"2023-11-29T15:22:50","date_gmt":"2023-11-29T14:22:50","guid":{"rendered":"https:\/\/serbenidorm.daliisolutions.com\/index.php\/dm-podcast\/joan-baldovi-compromis-justifica-su-planton-a-mazon-en-que-el-consell-no-esta-unido-en-ciertos-temas\/"},"modified":"2023-11-29T15:55:40","modified_gmt":"2023-11-29T14:55:40","slug":"joan-baldovi-compromis-justifica-su-planton-a-mazon-en-que-el-consell-no-esta-unido-en-ciertos-temas","status":"publish","type":"dm-podcast","link":"https:\/\/serbenidorm.daliisolutions.com\/index.php\/dm-podcast\/joan-baldovi-compromis-justifica-su-planton-a-mazon-en-que-el-consell-no-esta-unido-en-ciertos-temas\/","title":{"rendered":"Joan Baldov\u00ed ( Comprom\u00eds) justifica su plant\u00f3n a Maz\u00f3n en que el Consell no est\u00e1 unido en ciertos temas"},"featured_media":0,"template":"","meta":{"_acf_changed":false},"dm-programa":[7],"class_list":["post-132","dm-podcast","type-dm-podcast","status-publish","hentry","dm-programa-podcast-radio-valencia-hora-14-comunitat-valenciana-2298"],"acf":{"url":"https:\/\/sdmedia.playser.cadenaser.com\/playser\/multimedia\/202311\/29\/1701260934083_1701260971_audio_128.mp3"},"_links":{"self":[{"href":"https:\/\/serbenidorm.daliisolutions.com\/index.php\/wp-json\/wp\/v2\/dm-podcast\/132","targetHints":{"allow":["GET"]}}],"collection":[{"href":"https:\/\/serbenidorm.daliisolutions.com\/index.php\/wp-json\/wp\/v2\/dm-podcast"}],"about":[{"href":"https:\/\/serbenidorm.daliisolutions.com\/index.php\/wp-json\/wp\/v2\/types\/dm-podcast"}],"wp:attachment":[{"href":"https:\/\/serbenidorm.daliisolutions.com\/index.php\/wp-json\/wp\/v2\/media?parent=132"}],"wp:term":[{"taxonomy":"dm-programa","embeddable":true,"href":"https:\/\/serbenidorm.daliisolutions.com\/index.php\/wp-json\/wp\/v2\/dm-programa?post=132"}],"curies":[{"name":"wp","href":"https:\/\/api.w.org\/{rel}","templated":true}]}}

Joan Baldoví ( Compromís) justifica su plantón a Mazón en que el Consell no está unido en ciertos temas
