{"id":133,"date":"2023-11-29T15:22:50","date_gmt":"2023-11-29T14:22:50","guid":{"rendered":"https:\/\/serbenidorm.daliisolutions.com\/index.php\/dm-podcast\/miguel-barrachina-pp-critica-que-compromis-acuda-a-una-manifestacion-de-bildu-y-se-niegue-a-reunirse-con-mazon\/"},"modified":"2023-11-29T15:55:47","modified_gmt":"2023-11-29T14:55:47","slug":"miguel-barrachina-pp-critica-que-compromis-acuda-a-una-manifestacion-de-bildu-y-se-niegue-a-reunirse-con-mazon","status":"publish","type":"dm-podcast","link":"https:\/\/serbenidorm.daliisolutions.com\/index.php\/dm-podcast\/miguel-barrachina-pp-critica-que-compromis-acuda-a-una-manifestacion-de-bildu-y-se-niegue-a-reunirse-con-mazon\/","title":{"rendered":"Miguel Barrachina (PP) critica que Comprom\u00eds acuda a una manifestaci\u00f3n de Bildu y se niegue a reunirse con Maz\u00f3n"},"featured_media":0,"template":"","meta":{"_acf_changed":false},"dm-programa":[7],"class_list":["post-133","dm-podcast","type-dm-podcast","status-publish","hentry","dm-programa-podcast-radio-valencia-hora-14-comunitat-valenciana-2298"],"acf":{"url":"https:\/\/sdmedia.playser.cadenaser.com\/playser\/multimedia\/202311\/29\/1701260406282_1701260438_audio_128.mp3"},"_links":{"self":[{"href":"https:\/\/serbenidorm.daliisolutions.com\/index.php\/wp-json\/wp\/v2\/dm-podcast\/133","targetHints":{"allow":["GET"]}}],"collection":[{"href":"https:\/\/serbenidorm.daliisolutions.com\/index.php\/wp-json\/wp\/v2\/dm-podcast"}],"about":[{"href":"https:\/\/serbenidorm.daliisolutions.com\/index.php\/wp-json\/wp\/v2\/types\/dm-podcast"}],"wp:attachment":[{"href":"https:\/\/serbenidorm.daliisolutions.com\/index.php\/wp-json\/wp\/v2\/media?parent=133"}],"wp:term":[{"taxonomy":"dm-programa","embeddable":true,"href":"https:\/\/serbenidorm.daliisolutions.com\/index.php\/wp-json\/wp\/v2\/dm-programa?post=133"}],"curies":[{"name":"wp","href":"https:\/\/api.w.org\/{rel}","templated":true}]}}

Miguel Barrachina (PP) critica que Compromís acuda a una manifestación de Bildu y se niegue a reunirse con Mazón
