{"id":1330,"date":"2024-01-12T15:15:26","date_gmt":"2024-01-12T14:15:26","guid":{"rendered":"https:\/\/serbenidorm.daliisolutions.com\/index.php\/dm-podcast\/carlos-bucho-satse-afirma-que-la-conselleria-de-sanitat-no-cubre-bien-las-bajas-del-personal-de-enfermeria\/"},"modified":"2024-01-12T15:15:26","modified_gmt":"2024-01-12T14:15:26","slug":"carlos-bucho-satse-afirma-que-la-conselleria-de-sanitat-no-cubre-bien-las-bajas-del-personal-de-enfermeria","status":"publish","type":"dm-podcast","link":"https:\/\/serbenidorm.daliisolutions.com\/index.php\/dm-podcast\/carlos-bucho-satse-afirma-que-la-conselleria-de-sanitat-no-cubre-bien-las-bajas-del-personal-de-enfermeria\/","title":{"rendered":"Carlos Buch\u00f3 (SATSE) afirma que la Conseller\u00eda de Sanitat no cubre bien las bajas del personal de enfermer\u00eda"},"featured_media":0,"template":"","meta":{"_acf_changed":false},"dm-programa":[7],"class_list":["post-1330","dm-podcast","type-dm-podcast","status-publish","hentry","dm-programa-podcast-radio-valencia-hora-14-comunitat-valenciana-2298"],"acf":{"url":"https:\/\/sdmedia.playser.cadenaser.com\/playser\/multimedia\/20241\/11\/1704979953528_1704979974_audio_128.mp3"},"_links":{"self":[{"href":"https:\/\/serbenidorm.daliisolutions.com\/index.php\/wp-json\/wp\/v2\/dm-podcast\/1330","targetHints":{"allow":["GET"]}}],"collection":[{"href":"https:\/\/serbenidorm.daliisolutions.com\/index.php\/wp-json\/wp\/v2\/dm-podcast"}],"about":[{"href":"https:\/\/serbenidorm.daliisolutions.com\/index.php\/wp-json\/wp\/v2\/types\/dm-podcast"}],"wp:attachment":[{"href":"https:\/\/serbenidorm.daliisolutions.com\/index.php\/wp-json\/wp\/v2\/media?parent=1330"}],"wp:term":[{"taxonomy":"dm-programa","embeddable":true,"href":"https:\/\/serbenidorm.daliisolutions.com\/index.php\/wp-json\/wp\/v2\/dm-programa?post=1330"}],"curies":[{"name":"wp","href":"https:\/\/api.w.org\/{rel}","templated":true}]}}

Carlos Buchó (SATSE) afirma que la Consellería de Sanitat no cubre bien las bajas del personal de enfermería
