{"id":1333,"date":"2024-01-12T15:15:26","date_gmt":"2024-01-12T14:15:26","guid":{"rendered":"https:\/\/serbenidorm.daliisolutions.com\/index.php\/dm-podcast\/la-concejala-socialista-de-lalfas-del-pi-mayte-garcia-repasa-sus-vivencias-en-la-musica-de-tu-vida\/"},"modified":"2024-01-12T15:15:26","modified_gmt":"2024-01-12T14:15:26","slug":"la-concejala-socialista-de-lalfas-del-pi-mayte-garcia-repasa-sus-vivencias-en-la-musica-de-tu-vida","status":"publish","type":"dm-podcast","link":"https:\/\/serbenidorm.daliisolutions.com\/index.php\/dm-podcast\/la-concejala-socialista-de-lalfas-del-pi-mayte-garcia-repasa-sus-vivencias-en-la-musica-de-tu-vida\/","title":{"rendered":"La concejala socialista de L&#8217;Alf\u00e0s del Pi, Mayte Garc\u00eda, repasa sus vivencias en La M\u00fasica de tu vida"},"featured_media":0,"template":"","meta":{"_acf_changed":false},"dm-programa":[10],"class_list":["post-1333","dm-podcast","type-dm-podcast","status-publish","hentry","dm-programa-podcast-radio-benidorm-hoy-por-hoy-benidorm-2992"],"acf":{"url":"https:\/\/sdmedia.playser.cadenaser.com\/playser\/multimedia\/20241\/12\/1705064677174_1705064856_audio_128.mp3"},"_links":{"self":[{"href":"https:\/\/serbenidorm.daliisolutions.com\/index.php\/wp-json\/wp\/v2\/dm-podcast\/1333","targetHints":{"allow":["GET"]}}],"collection":[{"href":"https:\/\/serbenidorm.daliisolutions.com\/index.php\/wp-json\/wp\/v2\/dm-podcast"}],"about":[{"href":"https:\/\/serbenidorm.daliisolutions.com\/index.php\/wp-json\/wp\/v2\/types\/dm-podcast"}],"wp:attachment":[{"href":"https:\/\/serbenidorm.daliisolutions.com\/index.php\/wp-json\/wp\/v2\/media?parent=1333"}],"wp:term":[{"taxonomy":"dm-programa","embeddable":true,"href":"https:\/\/serbenidorm.daliisolutions.com\/index.php\/wp-json\/wp\/v2\/dm-programa?post=1333"}],"curies":[{"name":"wp","href":"https:\/\/api.w.org\/{rel}","templated":true}]}}

La concejala socialista de L&#8217;Alfàs del Pi, Mayte García, repasa sus vivencias en La Música de tu vida
