{"id":1337,"date":"2024-01-12T15:15:26","date_gmt":"2024-01-12T14:15:26","guid":{"rendered":"https:\/\/serbenidorm.daliisolutions.com\/index.php\/dm-podcast\/la-oferta-turistica-de-lalfas-del-pi-en-fitur-se-basara-en-la-sostenibilidad\/"},"modified":"2024-01-12T15:15:26","modified_gmt":"2024-01-12T14:15:26","slug":"la-oferta-turistica-de-lalfas-del-pi-en-fitur-se-basara-en-la-sostenibilidad","status":"publish","type":"dm-podcast","link":"https:\/\/serbenidorm.daliisolutions.com\/index.php\/dm-podcast\/la-oferta-turistica-de-lalfas-del-pi-en-fitur-se-basara-en-la-sostenibilidad\/","title":{"rendered":"La oferta tur\u00edstica de L&#8217;Alf\u00e0s del Pi en Fitur se basar\u00e1 en la sostenibilidad"},"featured_media":0,"template":"","meta":{"_acf_changed":false},"dm-programa":[10],"class_list":["post-1337","dm-podcast","type-dm-podcast","status-publish","hentry","dm-programa-podcast-radio-benidorm-hoy-por-hoy-benidorm-2992"],"acf":{"url":"https:\/\/sdmedia.playser.cadenaser.com\/playser\/multimedia\/20241\/12\/1705061861053_1705061927_audio_128.mp3"},"_links":{"self":[{"href":"https:\/\/serbenidorm.daliisolutions.com\/index.php\/wp-json\/wp\/v2\/dm-podcast\/1337","targetHints":{"allow":["GET"]}}],"collection":[{"href":"https:\/\/serbenidorm.daliisolutions.com\/index.php\/wp-json\/wp\/v2\/dm-podcast"}],"about":[{"href":"https:\/\/serbenidorm.daliisolutions.com\/index.php\/wp-json\/wp\/v2\/types\/dm-podcast"}],"wp:attachment":[{"href":"https:\/\/serbenidorm.daliisolutions.com\/index.php\/wp-json\/wp\/v2\/media?parent=1337"}],"wp:term":[{"taxonomy":"dm-programa","embeddable":true,"href":"https:\/\/serbenidorm.daliisolutions.com\/index.php\/wp-json\/wp\/v2\/dm-programa?post=1337"}],"curies":[{"name":"wp","href":"https:\/\/api.w.org\/{rel}","templated":true}]}}

La oferta turística de L&#8217;Alfàs del Pi en Fitur se basará en la sostenibilidad
