{"id":1339,"date":"2024-01-12T15:25:54","date_gmt":"2024-01-12T14:25:54","guid":{"rendered":"https:\/\/serbenidorm.daliisolutions.com\/index.php\/dm-podcast\/jose-maria-toro-presidente-patronal-aerte-senala-que-hasta-ahora-las-residencias-de-mayores-solo-pueden-recomendar-pero-no-obligar-a-nadie-a-llevar-mascarilla\/"},"modified":"2024-01-12T15:25:54","modified_gmt":"2024-01-12T14:25:54","slug":"jose-maria-toro-presidente-patronal-aerte-senala-que-hasta-ahora-las-residencias-de-mayores-solo-pueden-recomendar-pero-no-obligar-a-nadie-a-llevar-mascarilla","status":"publish","type":"dm-podcast","link":"https:\/\/serbenidorm.daliisolutions.com\/index.php\/dm-podcast\/jose-maria-toro-presidente-patronal-aerte-senala-que-hasta-ahora-las-residencias-de-mayores-solo-pueden-recomendar-pero-no-obligar-a-nadie-a-llevar-mascarilla\/","title":{"rendered":"Jos\u00e9 Mar\u00eda Toro (presidente patronal AERTE) se\u00f1ala que hasta ahora las residencias de mayores solo pueden recomendar, pero no obligar a nadie a llevar mascarilla"},"featured_media":0,"template":"","meta":{"_acf_changed":false},"dm-programa":[7],"class_list":["post-1339","dm-podcast","type-dm-podcast","status-publish","hentry","dm-programa-podcast-radio-valencia-hora-14-comunitat-valenciana-2298"],"acf":{"url":"https:\/\/sdmedia.playser.cadenaser.com\/playser\/multimedia\/20241\/12\/1705063128272_1705063129_audio_128.mp3"},"_links":{"self":[{"href":"https:\/\/serbenidorm.daliisolutions.com\/index.php\/wp-json\/wp\/v2\/dm-podcast\/1339","targetHints":{"allow":["GET"]}}],"collection":[{"href":"https:\/\/serbenidorm.daliisolutions.com\/index.php\/wp-json\/wp\/v2\/dm-podcast"}],"about":[{"href":"https:\/\/serbenidorm.daliisolutions.com\/index.php\/wp-json\/wp\/v2\/types\/dm-podcast"}],"wp:attachment":[{"href":"https:\/\/serbenidorm.daliisolutions.com\/index.php\/wp-json\/wp\/v2\/media?parent=1339"}],"wp:term":[{"taxonomy":"dm-programa","embeddable":true,"href":"https:\/\/serbenidorm.daliisolutions.com\/index.php\/wp-json\/wp\/v2\/dm-programa?post=1339"}],"curies":[{"name":"wp","href":"https:\/\/api.w.org\/{rel}","templated":true}]}}

José María Toro (presidente patronal AERTE) señala que hasta ahora las residencias de mayores solo pueden recomendar, pero no obligar a nadie a llevar mascarilla
