{"id":134,"date":"2023-11-29T15:22:50","date_gmt":"2023-11-29T14:22:50","guid":{"rendered":"https:\/\/serbenidorm.daliisolutions.com\/index.php\/dm-podcast\/rebeca-torro-pspv-afirma-que-no-pactara-con-mazon-mientras-siga-normalizando-a-vox\/"},"modified":"2023-11-29T15:55:51","modified_gmt":"2023-11-29T14:55:51","slug":"rebeca-torro-pspv-afirma-que-no-pactara-con-mazon-mientras-siga-normalizando-a-vox","status":"publish","type":"dm-podcast","link":"https:\/\/serbenidorm.daliisolutions.com\/index.php\/dm-podcast\/rebeca-torro-pspv-afirma-que-no-pactara-con-mazon-mientras-siga-normalizando-a-vox\/","title":{"rendered":"Rebeca Torr\u00f3 ( PSPV)  afirma que no pactar\u00e1 con Maz\u00f3n mientras siga normalizando a Vox"},"featured_media":0,"template":"","meta":{"_acf_changed":false},"dm-programa":[7],"class_list":["post-134","dm-podcast","type-dm-podcast","status-publish","hentry","dm-programa-podcast-radio-valencia-hora-14-comunitat-valenciana-2298"],"acf":{"url":"https:\/\/sdmedia.playser.cadenaser.com\/playser\/multimedia\/202311\/29\/1701260260505_1701260303_audio_128.mp3"},"_links":{"self":[{"href":"https:\/\/serbenidorm.daliisolutions.com\/index.php\/wp-json\/wp\/v2\/dm-podcast\/134","targetHints":{"allow":["GET"]}}],"collection":[{"href":"https:\/\/serbenidorm.daliisolutions.com\/index.php\/wp-json\/wp\/v2\/dm-podcast"}],"about":[{"href":"https:\/\/serbenidorm.daliisolutions.com\/index.php\/wp-json\/wp\/v2\/types\/dm-podcast"}],"wp:attachment":[{"href":"https:\/\/serbenidorm.daliisolutions.com\/index.php\/wp-json\/wp\/v2\/media?parent=134"}],"wp:term":[{"taxonomy":"dm-programa","embeddable":true,"href":"https:\/\/serbenidorm.daliisolutions.com\/index.php\/wp-json\/wp\/v2\/dm-programa?post=134"}],"curies":[{"name":"wp","href":"https:\/\/api.w.org\/{rel}","templated":true}]}}

Rebeca Torró ( PSPV)  afirma que no pactará con Mazón mientras siga normalizando a Vox
