{"id":1340,"date":"2024-01-12T15:25:54","date_gmt":"2024-01-12T14:25:54","guid":{"rendered":"https:\/\/serbenidorm.daliisolutions.com\/index.php\/dm-podcast\/cristobal-aguado-presidente-de-ava-afirma-que-si-no-cambia-la-situacion-el-relevo-generacional-sera-imposible-en-el-campo-valenciano\/"},"modified":"2024-01-12T15:25:54","modified_gmt":"2024-01-12T14:25:54","slug":"cristobal-aguado-presidente-de-ava-afirma-que-si-no-cambia-la-situacion-el-relevo-generacional-sera-imposible-en-el-campo-valenciano","status":"publish","type":"dm-podcast","link":"https:\/\/serbenidorm.daliisolutions.com\/index.php\/dm-podcast\/cristobal-aguado-presidente-de-ava-afirma-que-si-no-cambia-la-situacion-el-relevo-generacional-sera-imposible-en-el-campo-valenciano\/","title":{"rendered":"Crist\u00f3bal Aguado, presidente de AVA, afirma que si no cambia la situaci\u00f3n el relevo generacional ser\u00e1 imposible en el campo valenciano"},"featured_media":0,"template":"","meta":{"_acf_changed":false},"dm-programa":[7],"class_list":["post-1340","dm-podcast","type-dm-podcast","status-publish","hentry","dm-programa-podcast-radio-valencia-hora-14-comunitat-valenciana-2298"],"acf":{"url":"https:\/\/sdmedia.playser.cadenaser.com\/playser\/multimedia\/20241\/12\/1705062261461_1705062291_audio_128.mp3"},"_links":{"self":[{"href":"https:\/\/serbenidorm.daliisolutions.com\/index.php\/wp-json\/wp\/v2\/dm-podcast\/1340","targetHints":{"allow":["GET"]}}],"collection":[{"href":"https:\/\/serbenidorm.daliisolutions.com\/index.php\/wp-json\/wp\/v2\/dm-podcast"}],"about":[{"href":"https:\/\/serbenidorm.daliisolutions.com\/index.php\/wp-json\/wp\/v2\/types\/dm-podcast"}],"wp:attachment":[{"href":"https:\/\/serbenidorm.daliisolutions.com\/index.php\/wp-json\/wp\/v2\/media?parent=1340"}],"wp:term":[{"taxonomy":"dm-programa","embeddable":true,"href":"https:\/\/serbenidorm.daliisolutions.com\/index.php\/wp-json\/wp\/v2\/dm-programa?post=1340"}],"curies":[{"name":"wp","href":"https:\/\/api.w.org\/{rel}","templated":true}]}}

Cristóbal Aguado, presidente de AVA, afirma que si no cambia la situación el relevo generacional será imposible en el campo valenciano
