{"id":1342,"date":"2024-01-12T15:25:54","date_gmt":"2024-01-12T14:25:54","guid":{"rendered":"https:\/\/serbenidorm.daliisolutions.com\/index.php\/dm-podcast\/sandra-gomez-no-puede-ver-mas-alla-de-sus-propios-limites-partidistas-o-de-su-propia-vision-de-ciudad\/"},"modified":"2024-01-12T15:25:54","modified_gmt":"2024-01-12T14:25:54","slug":"sandra-gomez-no-puede-ver-mas-alla-de-sus-propios-limites-partidistas-o-de-su-propia-vision-de-ciudad","status":"publish","type":"dm-podcast","link":"https:\/\/serbenidorm.daliisolutions.com\/index.php\/dm-podcast\/sandra-gomez-no-puede-ver-mas-alla-de-sus-propios-limites-partidistas-o-de-su-propia-vision-de-ciudad\/","title":{"rendered":"Sandra G\u00f3mez: \u00abNo puede ver m\u00e1s all\u00e1 de sus propios l\u00edmites partidistas o de su propia visi\u00f3n de ciudad\u00bb"},"featured_media":0,"template":"","meta":{"_acf_changed":false},"dm-programa":[7],"class_list":["post-1342","dm-podcast","type-dm-podcast","status-publish","hentry","dm-programa-podcast-radio-valencia-hora-14-comunitat-valenciana-2298"],"acf":{"url":"https:\/\/sdmedia.playser.cadenaser.com\/playser\/multimedia\/20241\/11\/1704986663297_1704986693_audio_128.mp3"},"_links":{"self":[{"href":"https:\/\/serbenidorm.daliisolutions.com\/index.php\/wp-json\/wp\/v2\/dm-podcast\/1342","targetHints":{"allow":["GET"]}}],"collection":[{"href":"https:\/\/serbenidorm.daliisolutions.com\/index.php\/wp-json\/wp\/v2\/dm-podcast"}],"about":[{"href":"https:\/\/serbenidorm.daliisolutions.com\/index.php\/wp-json\/wp\/v2\/types\/dm-podcast"}],"wp:attachment":[{"href":"https:\/\/serbenidorm.daliisolutions.com\/index.php\/wp-json\/wp\/v2\/media?parent=1342"}],"wp:term":[{"taxonomy":"dm-programa","embeddable":true,"href":"https:\/\/serbenidorm.daliisolutions.com\/index.php\/wp-json\/wp\/v2\/dm-programa?post=1342"}],"curies":[{"name":"wp","href":"https:\/\/api.w.org\/{rel}","templated":true}]}}

Sandra Gómez: «No puede ver más allá de sus propios límites partidistas o de su propia visión de ciudad»
