{"id":139,"date":"2023-11-29T15:22:50","date_gmt":"2023-11-29T14:22:50","guid":{"rendered":"https:\/\/serbenidorm.daliisolutions.com\/index.php\/dm-podcast\/el-rey-felipe-vi-insta-a-los-jovenes-para-que-exploten-su-vocacion-cientifica-y-empresarial\/"},"modified":"2023-11-29T15:56:25","modified_gmt":"2023-11-29T14:56:25","slug":"el-rey-felipe-vi-insta-a-los-jovenes-para-que-exploten-su-vocacion-cientifica-y-empresarial","status":"publish","type":"dm-podcast","link":"https:\/\/serbenidorm.daliisolutions.com\/index.php\/dm-podcast\/el-rey-felipe-vi-insta-a-los-jovenes-para-que-exploten-su-vocacion-cientifica-y-empresarial\/","title":{"rendered":"El Rey Felipe VI insta a los j\u00f3venes para que exploten su vocaci\u00f3n cient\u00edfica y empresarial"},"featured_media":0,"template":"","meta":{"_acf_changed":false},"dm-programa":[7],"class_list":["post-139","dm-podcast","type-dm-podcast","status-publish","hentry","dm-programa-podcast-radio-valencia-hora-14-comunitat-valenciana-2298"],"acf":{"url":"https:\/\/sdmedia.playser.cadenaser.com\/playser\/multimedia\/202311\/28\/1701178792528_1701178833_audio_128.mp3"},"_links":{"self":[{"href":"https:\/\/serbenidorm.daliisolutions.com\/index.php\/wp-json\/wp\/v2\/dm-podcast\/139","targetHints":{"allow":["GET"]}}],"collection":[{"href":"https:\/\/serbenidorm.daliisolutions.com\/index.php\/wp-json\/wp\/v2\/dm-podcast"}],"about":[{"href":"https:\/\/serbenidorm.daliisolutions.com\/index.php\/wp-json\/wp\/v2\/types\/dm-podcast"}],"wp:attachment":[{"href":"https:\/\/serbenidorm.daliisolutions.com\/index.php\/wp-json\/wp\/v2\/media?parent=139"}],"wp:term":[{"taxonomy":"dm-programa","embeddable":true,"href":"https:\/\/serbenidorm.daliisolutions.com\/index.php\/wp-json\/wp\/v2\/dm-programa?post=139"}],"curies":[{"name":"wp","href":"https:\/\/api.w.org\/{rel}","templated":true}]}}

El Rey Felipe VI insta a los jóvenes para que exploten su vocación científica y empresarial
