{"id":1397,"date":"2024-01-16T07:01:40","date_gmt":"2024-01-16T06:01:40","guid":{"rendered":"https:\/\/serbenidorm.daliisolutions.com\/index.php\/dm-podcast\/juanma-badenas-se-da-la-circunstancia-que-desde-que-el-pp-y-vox-estamos-en-el-gobierno-del-ayto-de-valencia-parece-que-los-piromanos-se-han-aficionado-mas-a-su-actividad\/"},"modified":"2024-01-16T07:01:40","modified_gmt":"2024-01-16T06:01:40","slug":"juanma-badenas-se-da-la-circunstancia-que-desde-que-el-pp-y-vox-estamos-en-el-gobierno-del-ayto-de-valencia-parece-que-los-piromanos-se-han-aficionado-mas-a-su-actividad","status":"publish","type":"dm-podcast","link":"https:\/\/serbenidorm.daliisolutions.com\/index.php\/dm-podcast\/juanma-badenas-se-da-la-circunstancia-que-desde-que-el-pp-y-vox-estamos-en-el-gobierno-del-ayto-de-valencia-parece-que-los-piromanos-se-han-aficionado-mas-a-su-actividad\/","title":{"rendered":"Juanma Badenas: \u00abSe da la circunstancia que desde que el PP y Vox estamos en el gobierno del Ayto. de Val\u00e8ncia parece que los pir\u00f3manos se han aficionado m\u00e1s a su actividad\u00bb"},"featured_media":0,"template":"","meta":{"_acf_changed":false},"dm-programa":[7],"class_list":["post-1397","dm-podcast","type-dm-podcast","status-publish","hentry","dm-programa-podcast-radio-valencia-hora-14-comunitat-valenciana-2298"],"acf":{"url":"https:\/\/sdmedia.playser.cadenaser.com\/playser\/multimedia\/20241\/15\/1705331480469_1705331573_audio_128.mp3"},"_links":{"self":[{"href":"https:\/\/serbenidorm.daliisolutions.com\/index.php\/wp-json\/wp\/v2\/dm-podcast\/1397","targetHints":{"allow":["GET"]}}],"collection":[{"href":"https:\/\/serbenidorm.daliisolutions.com\/index.php\/wp-json\/wp\/v2\/dm-podcast"}],"about":[{"href":"https:\/\/serbenidorm.daliisolutions.com\/index.php\/wp-json\/wp\/v2\/types\/dm-podcast"}],"wp:attachment":[{"href":"https:\/\/serbenidorm.daliisolutions.com\/index.php\/wp-json\/wp\/v2\/media?parent=1397"}],"wp:term":[{"taxonomy":"dm-programa","embeddable":true,"href":"https:\/\/serbenidorm.daliisolutions.com\/index.php\/wp-json\/wp\/v2\/dm-programa?post=1397"}],"curies":[{"name":"wp","href":"https:\/\/api.w.org\/{rel}","templated":true}]}}

Juanma Badenas: «Se da la circunstancia que desde que el PP y Vox estamos en el gobierno del Ayto. de València parece que los pirómanos se han aficionado más a su actividad»
