{"id":1398,"date":"2024-01-16T07:01:40","date_gmt":"2024-01-16T06:01:40","guid":{"rendered":"https:\/\/serbenidorm.daliisolutions.com\/index.php\/dm-podcast\/maria-jose-catala-creo-que-entiendo-la-rabia-del-concejal-de-devesa-albufera-con-el-problema-de-los-fuegos-en-el-saler\/"},"modified":"2024-01-16T07:01:40","modified_gmt":"2024-01-16T06:01:40","slug":"maria-jose-catala-creo-que-entiendo-la-rabia-del-concejal-de-devesa-albufera-con-el-problema-de-los-fuegos-en-el-saler","status":"publish","type":"dm-podcast","link":"https:\/\/serbenidorm.daliisolutions.com\/index.php\/dm-podcast\/maria-jose-catala-creo-que-entiendo-la-rabia-del-concejal-de-devesa-albufera-con-el-problema-de-los-fuegos-en-el-saler\/","title":{"rendered":"Mar\u00eda Jos\u00e9 Catal\u00e1: \u00abCreo que entiendo la rabia del concejal de Devesa-Albufera con el problema de los fuegos en el Saler\u00bb"},"featured_media":0,"template":"","meta":{"_acf_changed":false},"dm-programa":[7],"class_list":["post-1398","dm-podcast","type-dm-podcast","status-publish","hentry","dm-programa-podcast-radio-valencia-hora-14-comunitat-valenciana-2298"],"acf":{"url":"https:\/\/sdmedia.playser.cadenaser.com\/playser\/multimedia\/20241\/15\/1705331203571_1705331377_audio_128.mp3"},"_links":{"self":[{"href":"https:\/\/serbenidorm.daliisolutions.com\/index.php\/wp-json\/wp\/v2\/dm-podcast\/1398","targetHints":{"allow":["GET"]}}],"collection":[{"href":"https:\/\/serbenidorm.daliisolutions.com\/index.php\/wp-json\/wp\/v2\/dm-podcast"}],"about":[{"href":"https:\/\/serbenidorm.daliisolutions.com\/index.php\/wp-json\/wp\/v2\/types\/dm-podcast"}],"wp:attachment":[{"href":"https:\/\/serbenidorm.daliisolutions.com\/index.php\/wp-json\/wp\/v2\/media?parent=1398"}],"wp:term":[{"taxonomy":"dm-programa","embeddable":true,"href":"https:\/\/serbenidorm.daliisolutions.com\/index.php\/wp-json\/wp\/v2\/dm-programa?post=1398"}],"curies":[{"name":"wp","href":"https:\/\/api.w.org\/{rel}","templated":true}]}}

María José Catalá: «Creo que entiendo la rabia del concejal de Devesa-Albufera con el problema de los fuegos en el Saler»
