{"id":1399,"date":"2024-01-16T07:01:40","date_gmt":"2024-01-16T06:01:40","guid":{"rendered":"https:\/\/serbenidorm.daliisolutions.com\/index.php\/dm-podcast\/jose-vicente-martos-policia-herido-por-la-explosion-de-un-coche-bomba-de-eta-podria-haber-ocurrido-una-masacre\/"},"modified":"2024-01-16T07:01:40","modified_gmt":"2024-01-16T06:01:40","slug":"jose-vicente-martos-policia-herido-por-la-explosion-de-un-coche-bomba-de-eta-podria-haber-ocurrido-una-masacre","status":"publish","type":"dm-podcast","link":"https:\/\/serbenidorm.daliisolutions.com\/index.php\/dm-podcast\/jose-vicente-martos-policia-herido-por-la-explosion-de-un-coche-bomba-de-eta-podria-haber-ocurrido-una-masacre\/","title":{"rendered":"Jos\u00e9 Vicente Martos, polic\u00eda herido por la explosi\u00f3n de un coche bomba de ETA: \u00abPodr\u00eda haber ocurrido una masacre\u00bb"},"featured_media":0,"template":"","meta":{"_acf_changed":false},"dm-programa":[7],"class_list":["post-1399","dm-podcast","type-dm-podcast","status-publish","hentry","dm-programa-podcast-radio-valencia-hora-14-comunitat-valenciana-2298"],"acf":{"url":"https:\/\/sdmedia.playser.cadenaser.com\/playser\/multimedia\/20241\/15\/1705327242465_1705327276_audio_128.mp3"},"_links":{"self":[{"href":"https:\/\/serbenidorm.daliisolutions.com\/index.php\/wp-json\/wp\/v2\/dm-podcast\/1399","targetHints":{"allow":["GET"]}}],"collection":[{"href":"https:\/\/serbenidorm.daliisolutions.com\/index.php\/wp-json\/wp\/v2\/dm-podcast"}],"about":[{"href":"https:\/\/serbenidorm.daliisolutions.com\/index.php\/wp-json\/wp\/v2\/types\/dm-podcast"}],"wp:attachment":[{"href":"https:\/\/serbenidorm.daliisolutions.com\/index.php\/wp-json\/wp\/v2\/media?parent=1399"}],"wp:term":[{"taxonomy":"dm-programa","embeddable":true,"href":"https:\/\/serbenidorm.daliisolutions.com\/index.php\/wp-json\/wp\/v2\/dm-programa?post=1399"}],"curies":[{"name":"wp","href":"https:\/\/api.w.org\/{rel}","templated":true}]}}

José Vicente Martos, policía herido por la explosión de un coche bomba de ETA: «Podría haber ocurrido una masacre»
