{"id":1402,"date":"2024-01-16T07:01:40","date_gmt":"2024-01-16T06:01:40","guid":{"rendered":"https:\/\/serbenidorm.daliisolutions.com\/index.php\/dm-podcast\/vicente-garrido-presidente-de-la-fundacion-manuel-broseta-los-etarras-siguen-ahi-todavia-no-han-reparado-el-dano-causado\/"},"modified":"2024-01-16T07:01:40","modified_gmt":"2024-01-16T06:01:40","slug":"vicente-garrido-presidente-de-la-fundacion-manuel-broseta-los-etarras-siguen-ahi-todavia-no-han-reparado-el-dano-causado","status":"publish","type":"dm-podcast","link":"https:\/\/serbenidorm.daliisolutions.com\/index.php\/dm-podcast\/vicente-garrido-presidente-de-la-fundacion-manuel-broseta-los-etarras-siguen-ahi-todavia-no-han-reparado-el-dano-causado\/","title":{"rendered":"Vicente Garrido (presidente de la Fundaci\u00f3n Manuel Broseta): \u00abLos etarras siguen ah\u00ed, todav\u00eda no han reparado el da\u00f1o causado\u00bb"},"featured_media":0,"template":"","meta":{"_acf_changed":false},"dm-programa":[7],"class_list":["post-1402","dm-podcast","type-dm-podcast","status-publish","hentry","dm-programa-podcast-radio-valencia-hora-14-comunitat-valenciana-2298"],"acf":{"url":"https:\/\/sdmedia.playser.cadenaser.com\/playser\/multimedia\/20241\/15\/1705326828682_1705326826_audio_128.mp3"},"_links":{"self":[{"href":"https:\/\/serbenidorm.daliisolutions.com\/index.php\/wp-json\/wp\/v2\/dm-podcast\/1402","targetHints":{"allow":["GET"]}}],"collection":[{"href":"https:\/\/serbenidorm.daliisolutions.com\/index.php\/wp-json\/wp\/v2\/dm-podcast"}],"about":[{"href":"https:\/\/serbenidorm.daliisolutions.com\/index.php\/wp-json\/wp\/v2\/types\/dm-podcast"}],"wp:attachment":[{"href":"https:\/\/serbenidorm.daliisolutions.com\/index.php\/wp-json\/wp\/v2\/media?parent=1402"}],"wp:term":[{"taxonomy":"dm-programa","embeddable":true,"href":"https:\/\/serbenidorm.daliisolutions.com\/index.php\/wp-json\/wp\/v2\/dm-programa?post=1402"}],"curies":[{"name":"wp","href":"https:\/\/api.w.org\/{rel}","templated":true}]}}

Vicente Garrido (presidente de la Fundación Manuel Broseta): «Los etarras siguen ahí, todavía no han reparado el daño causado»
