{"id":1459,"date":"2024-01-16T16:06:23","date_gmt":"2024-01-16T15:06:23","guid":{"rendered":"https:\/\/serbenidorm.daliisolutions.com\/index.php\/dm-podcast\/jose-manuel-pastor-catedratico-de-analisis-economico-uv-afirma-que-no-se-puede-descargar-la-politica-social-en-los-propietarios-de-viviendas-para-alquilar\/"},"modified":"2024-01-16T16:06:23","modified_gmt":"2024-01-16T15:06:23","slug":"jose-manuel-pastor-catedratico-de-analisis-economico-uv-afirma-que-no-se-puede-descargar-la-politica-social-en-los-propietarios-de-viviendas-para-alquilar","status":"publish","type":"dm-podcast","link":"https:\/\/serbenidorm.daliisolutions.com\/index.php\/dm-podcast\/jose-manuel-pastor-catedratico-de-analisis-economico-uv-afirma-que-no-se-puede-descargar-la-politica-social-en-los-propietarios-de-viviendas-para-alquilar\/","title":{"rendered":"Jos\u00e9 Manuel Pastor (catedr\u00e1tico de an\u00e1lisis econ\u00f3mico UV) afirma que no se puede descargar la pol\u00edtica social en los propietarios de viviendas para alquilar"},"featured_media":0,"template":"","meta":{"_acf_changed":false},"dm-programa":[7],"class_list":["post-1459","dm-podcast","type-dm-podcast","status-publish","hentry","dm-programa-podcast-radio-valencia-hora-14-comunitat-valenciana-2298"],"acf":{"url":"https:\/\/sdmedia.playser.cadenaser.com\/playser\/multimedia\/20241\/16\/1705407455979_1705407483_audio_128.mp3"},"_links":{"self":[{"href":"https:\/\/serbenidorm.daliisolutions.com\/index.php\/wp-json\/wp\/v2\/dm-podcast\/1459","targetHints":{"allow":["GET"]}}],"collection":[{"href":"https:\/\/serbenidorm.daliisolutions.com\/index.php\/wp-json\/wp\/v2\/dm-podcast"}],"about":[{"href":"https:\/\/serbenidorm.daliisolutions.com\/index.php\/wp-json\/wp\/v2\/types\/dm-podcast"}],"wp:attachment":[{"href":"https:\/\/serbenidorm.daliisolutions.com\/index.php\/wp-json\/wp\/v2\/media?parent=1459"}],"wp:term":[{"taxonomy":"dm-programa","embeddable":true,"href":"https:\/\/serbenidorm.daliisolutions.com\/index.php\/wp-json\/wp\/v2\/dm-programa?post=1459"}],"curies":[{"name":"wp","href":"https:\/\/api.w.org\/{rel}","templated":true}]}}

José Manuel Pastor (catedrático de análisis económico UV) afirma que no se puede descargar la política social en los propietarios de viviendas para alquilar
