{"id":1460,"date":"2024-01-16T16:06:23","date_gmt":"2024-01-16T15:06:23","guid":{"rendered":"https:\/\/serbenidorm.daliisolutions.com\/index.php\/dm-podcast\/jose-manuel-pastor-catedratico-analisis-economico-uv-afirma-que-limitar-los-precios-de-los-alquileres-perjudica-a-los-jovenes\/"},"modified":"2024-01-16T16:06:23","modified_gmt":"2024-01-16T15:06:23","slug":"jose-manuel-pastor-catedratico-analisis-economico-uv-afirma-que-limitar-los-precios-de-los-alquileres-perjudica-a-los-jovenes","status":"publish","type":"dm-podcast","link":"https:\/\/serbenidorm.daliisolutions.com\/index.php\/dm-podcast\/jose-manuel-pastor-catedratico-analisis-economico-uv-afirma-que-limitar-los-precios-de-los-alquileres-perjudica-a-los-jovenes\/","title":{"rendered":"Jos\u00e9 Manuel Pastor (catedr\u00e1tico an\u00e1lisis econ\u00f3mico UV) afirma que limitar los precios de los alquileres perjudica a los j\u00f3venes"},"featured_media":0,"template":"","meta":{"_acf_changed":false},"dm-programa":[7],"class_list":["post-1460","dm-podcast","type-dm-podcast","status-publish","hentry","dm-programa-podcast-radio-valencia-hora-14-comunitat-valenciana-2298"],"acf":{"url":"https:\/\/sdmedia.playser.cadenaser.com\/playser\/multimedia\/20241\/16\/1705407330725_1705407388_audio_128.mp3"},"_links":{"self":[{"href":"https:\/\/serbenidorm.daliisolutions.com\/index.php\/wp-json\/wp\/v2\/dm-podcast\/1460","targetHints":{"allow":["GET"]}}],"collection":[{"href":"https:\/\/serbenidorm.daliisolutions.com\/index.php\/wp-json\/wp\/v2\/dm-podcast"}],"about":[{"href":"https:\/\/serbenidorm.daliisolutions.com\/index.php\/wp-json\/wp\/v2\/types\/dm-podcast"}],"wp:attachment":[{"href":"https:\/\/serbenidorm.daliisolutions.com\/index.php\/wp-json\/wp\/v2\/media?parent=1460"}],"wp:term":[{"taxonomy":"dm-programa","embeddable":true,"href":"https:\/\/serbenidorm.daliisolutions.com\/index.php\/wp-json\/wp\/v2\/dm-programa?post=1460"}],"curies":[{"name":"wp","href":"https:\/\/api.w.org\/{rel}","templated":true}]}}

José Manuel Pastor (catedrático análisis económico UV) afirma que limitar los precios de los alquileres perjudica a los jóvenes
