{"id":1461,"date":"2024-01-16T16:06:23","date_gmt":"2024-01-16T15:06:23","guid":{"rendered":"https:\/\/serbenidorm.daliisolutions.com\/index.php\/dm-podcast\/alvar-lopez-de-medina-president-consell-valencia-joventut-pide-que-se-cumpla-la-ley-de-vivienda-en-lo-relativo-a-los-jovenes\/"},"modified":"2024-01-16T16:06:23","modified_gmt":"2024-01-16T15:06:23","slug":"alvar-lopez-de-medina-president-consell-valencia-joventut-pide-que-se-cumpla-la-ley-de-vivienda-en-lo-relativo-a-los-jovenes","status":"publish","type":"dm-podcast","link":"https:\/\/serbenidorm.daliisolutions.com\/index.php\/dm-podcast\/alvar-lopez-de-medina-president-consell-valencia-joventut-pide-que-se-cumpla-la-ley-de-vivienda-en-lo-relativo-a-los-jovenes\/","title":{"rendered":"\u00c0lvar L\u00f3pez de Medina (president Consell Valenci\u00e0 Joventut) pide que se cumpla la ley de vivienda en lo relativo a los j\u00f3venes"},"featured_media":0,"template":"","meta":{"_acf_changed":false},"dm-programa":[7],"class_list":["post-1461","dm-podcast","type-dm-podcast","status-publish","hentry","dm-programa-podcast-radio-valencia-hora-14-comunitat-valenciana-2298"],"acf":{"url":"https:\/\/sdmedia.playser.cadenaser.com\/playser\/multimedia\/20241\/16\/1705407134344_1705407180_audio_128.mp3"},"_links":{"self":[{"href":"https:\/\/serbenidorm.daliisolutions.com\/index.php\/wp-json\/wp\/v2\/dm-podcast\/1461","targetHints":{"allow":["GET"]}}],"collection":[{"href":"https:\/\/serbenidorm.daliisolutions.com\/index.php\/wp-json\/wp\/v2\/dm-podcast"}],"about":[{"href":"https:\/\/serbenidorm.daliisolutions.com\/index.php\/wp-json\/wp\/v2\/types\/dm-podcast"}],"wp:attachment":[{"href":"https:\/\/serbenidorm.daliisolutions.com\/index.php\/wp-json\/wp\/v2\/media?parent=1461"}],"wp:term":[{"taxonomy":"dm-programa","embeddable":true,"href":"https:\/\/serbenidorm.daliisolutions.com\/index.php\/wp-json\/wp\/v2\/dm-programa?post=1461"}],"curies":[{"name":"wp","href":"https:\/\/api.w.org\/{rel}","templated":true}]}}

Àlvar López de Medina (president Consell Valencià Joventut) pide que se cumpla la ley de vivienda en lo relativo a los jóvenes
