{"id":1463,"date":"2024-01-16T16:06:23","date_gmt":"2024-01-16T15:06:23","guid":{"rendered":"https:\/\/serbenidorm.daliisolutions.com\/index.php\/dm-podcast\/sergi-campillo-demanem-al-govern-de-la-senyora-catala-contencio-a-lhora-de-valorar-este-nou-incendi-ja-que-es-indigne-que-el-regidor-de-devesa-saler-haja-acusat-sense-proves\/"},"modified":"2024-01-16T16:06:23","modified_gmt":"2024-01-16T15:06:23","slug":"sergi-campillo-demanem-al-govern-de-la-senyora-catala-contencio-a-lhora-de-valorar-este-nou-incendi-ja-que-es-indigne-que-el-regidor-de-devesa-saler-haja-acusat-sense-proves","status":"publish","type":"dm-podcast","link":"https:\/\/serbenidorm.daliisolutions.com\/index.php\/dm-podcast\/sergi-campillo-demanem-al-govern-de-la-senyora-catala-contencio-a-lhora-de-valorar-este-nou-incendi-ja-que-es-indigne-que-el-regidor-de-devesa-saler-haja-acusat-sense-proves\/","title":{"rendered":"Sergi Campillo: \u00abDemanem al govern de la senyora Catal\u00e1 contenci\u00f3 a l&#8217;hora de valorar este nou incendi, ja que \u00e9s indigne que el regidor de Devesa.-Saler haja acusat sense proves\u00bb"},"featured_media":0,"template":"","meta":{"_acf_changed":false},"dm-programa":[7],"class_list":["post-1463","dm-podcast","type-dm-podcast","status-publish","hentry","dm-programa-podcast-radio-valencia-hora-14-comunitat-valenciana-2298"],"acf":{"url":"https:\/\/sdmedia.playser.cadenaser.com\/playser\/multimedia\/20241\/15\/1705331744784_1705331831_audio_128.mp3"},"_links":{"self":[{"href":"https:\/\/serbenidorm.daliisolutions.com\/index.php\/wp-json\/wp\/v2\/dm-podcast\/1463","targetHints":{"allow":["GET"]}}],"collection":[{"href":"https:\/\/serbenidorm.daliisolutions.com\/index.php\/wp-json\/wp\/v2\/dm-podcast"}],"about":[{"href":"https:\/\/serbenidorm.daliisolutions.com\/index.php\/wp-json\/wp\/v2\/types\/dm-podcast"}],"wp:attachment":[{"href":"https:\/\/serbenidorm.daliisolutions.com\/index.php\/wp-json\/wp\/v2\/media?parent=1463"}],"wp:term":[{"taxonomy":"dm-programa","embeddable":true,"href":"https:\/\/serbenidorm.daliisolutions.com\/index.php\/wp-json\/wp\/v2\/dm-programa?post=1463"}],"curies":[{"name":"wp","href":"https:\/\/api.w.org\/{rel}","templated":true}]}}

Sergi Campillo: «Demanem al govern de la senyora Catalá contenció a l&#8217;hora de valorar este nou incendi, ja que és indigne que el regidor de Devesa.-Saler haja acusat sense proves»
