{"id":1465,"date":"2024-01-16T18:00:42","date_gmt":"2024-01-16T17:00:42","guid":{"rendered":"https:\/\/serbenidorm.daliisolutions.com\/index.php\/dm-podcast\/juan-antonio-pena-director-del-area-juridica-del-palacio-de-congresos-de-valencia-debemos-avanzar-hacia-el-futuro\/"},"modified":"2024-01-16T18:00:42","modified_gmt":"2024-01-16T17:00:42","slug":"juan-antonio-pena-director-del-area-juridica-del-palacio-de-congresos-de-valencia-debemos-avanzar-hacia-el-futuro","status":"publish","type":"dm-podcast","link":"https:\/\/serbenidorm.daliisolutions.com\/index.php\/dm-podcast\/juan-antonio-pena-director-del-area-juridica-del-palacio-de-congresos-de-valencia-debemos-avanzar-hacia-el-futuro\/","title":{"rendered":"Juan Antonio Pe\u00f1a (director del \u00e1rea Jur\u00eddica del Palacio de Congresos de Val\u00e8ncia): \u00abDebemos avanzar hacia el futuro\u00bb"},"featured_media":0,"template":"","meta":{"_acf_changed":false},"dm-programa":[7],"class_list":["post-1465","dm-podcast","type-dm-podcast","status-publish","hentry","dm-programa-podcast-radio-valencia-hora-14-comunitat-valenciana-2298"],"acf":{"url":"https:\/\/sdmedia.playser.cadenaser.com\/playser\/multimedia\/20241\/16\/1705414528652_1705414530_audio_128.mp3"},"_links":{"self":[{"href":"https:\/\/serbenidorm.daliisolutions.com\/index.php\/wp-json\/wp\/v2\/dm-podcast\/1465","targetHints":{"allow":["GET"]}}],"collection":[{"href":"https:\/\/serbenidorm.daliisolutions.com\/index.php\/wp-json\/wp\/v2\/dm-podcast"}],"about":[{"href":"https:\/\/serbenidorm.daliisolutions.com\/index.php\/wp-json\/wp\/v2\/types\/dm-podcast"}],"wp:attachment":[{"href":"https:\/\/serbenidorm.daliisolutions.com\/index.php\/wp-json\/wp\/v2\/media?parent=1465"}],"wp:term":[{"taxonomy":"dm-programa","embeddable":true,"href":"https:\/\/serbenidorm.daliisolutions.com\/index.php\/wp-json\/wp\/v2\/dm-programa?post=1465"}],"curies":[{"name":"wp","href":"https:\/\/api.w.org\/{rel}","templated":true}]}}

Juan Antonio Peña (director del área Jurídica del Palacio de Congresos de València): «Debemos avanzar hacia el futuro»
