{"id":1468,"date":"2024-01-16T18:00:42","date_gmt":"2024-01-16T17:00:42","guid":{"rendered":"https:\/\/serbenidorm.daliisolutions.com\/index.php\/dm-podcast\/sylvia-andres-directora-gerente-del-palacio-de-congresos-de-valencia-expone-las-lineas-de-actuacion-para-2024\/"},"modified":"2024-01-16T18:00:42","modified_gmt":"2024-01-16T17:00:42","slug":"sylvia-andres-directora-gerente-del-palacio-de-congresos-de-valencia-expone-las-lineas-de-actuacion-para-2024","status":"publish","type":"dm-podcast","link":"https:\/\/serbenidorm.daliisolutions.com\/index.php\/dm-podcast\/sylvia-andres-directora-gerente-del-palacio-de-congresos-de-valencia-expone-las-lineas-de-actuacion-para-2024\/","title":{"rendered":"Sylvia Andr\u00e9s (directora gerente del Palacio de Congresos de Val\u00e8ncia) expone las l\u00edneas de actuaci\u00f3n para 2024"},"featured_media":0,"template":"","meta":{"_acf_changed":false},"dm-programa":[7],"class_list":["post-1468","dm-podcast","type-dm-podcast","status-publish","hentry","dm-programa-podcast-radio-valencia-hora-14-comunitat-valenciana-2298"],"acf":{"url":"https:\/\/sdmedia.playser.cadenaser.com\/playser\/multimedia\/20241\/16\/1705414256953_1705414251_audio_128.mp3"},"_links":{"self":[{"href":"https:\/\/serbenidorm.daliisolutions.com\/index.php\/wp-json\/wp\/v2\/dm-podcast\/1468","targetHints":{"allow":["GET"]}}],"collection":[{"href":"https:\/\/serbenidorm.daliisolutions.com\/index.php\/wp-json\/wp\/v2\/dm-podcast"}],"about":[{"href":"https:\/\/serbenidorm.daliisolutions.com\/index.php\/wp-json\/wp\/v2\/types\/dm-podcast"}],"wp:attachment":[{"href":"https:\/\/serbenidorm.daliisolutions.com\/index.php\/wp-json\/wp\/v2\/media?parent=1468"}],"wp:term":[{"taxonomy":"dm-programa","embeddable":true,"href":"https:\/\/serbenidorm.daliisolutions.com\/index.php\/wp-json\/wp\/v2\/dm-programa?post=1468"}],"curies":[{"name":"wp","href":"https:\/\/api.w.org\/{rel}","templated":true}]}}

Sylvia Andrés (directora gerente del Palacio de Congresos de València) expone las líneas de actuación para 2024
