{"id":1469,"date":"2024-01-16T18:00:42","date_gmt":"2024-01-16T17:00:42","guid":{"rendered":"https:\/\/serbenidorm.daliisolutions.com\/index.php\/dm-podcast\/la-portada-ana-duran-16-01-2024-jovenes-emancipacion-y-politicas-publicas\/"},"modified":"2024-01-16T18:00:42","modified_gmt":"2024-01-16T17:00:42","slug":"la-portada-ana-duran-16-01-2024-jovenes-emancipacion-y-politicas-publicas","status":"publish","type":"dm-podcast","link":"https:\/\/serbenidorm.daliisolutions.com\/index.php\/dm-podcast\/la-portada-ana-duran-16-01-2024-jovenes-emancipacion-y-politicas-publicas\/","title":{"rendered":"La Portada (Ana Dur\u00e1n) (16\/01\/2024): \u00abJ\u00f3venes, emancipaci\u00f3n y pol\u00edticas p\u00fablicas\u00bb"},"featured_media":0,"template":"","meta":{"_acf_changed":false},"dm-programa":[7],"class_list":["post-1469","dm-podcast","type-dm-podcast","status-publish","hentry","dm-programa-podcast-radio-valencia-hora-14-comunitat-valenciana-2298"],"acf":{"url":"https:\/\/sdmedia.playser.cadenaser.com\/playser\/audio\/20241\/16\/audio_con_65a685b7d75a2_61793_cut.mp3"},"_links":{"self":[{"href":"https:\/\/serbenidorm.daliisolutions.com\/index.php\/wp-json\/wp\/v2\/dm-podcast\/1469","targetHints":{"allow":["GET"]}}],"collection":[{"href":"https:\/\/serbenidorm.daliisolutions.com\/index.php\/wp-json\/wp\/v2\/dm-podcast"}],"about":[{"href":"https:\/\/serbenidorm.daliisolutions.com\/index.php\/wp-json\/wp\/v2\/types\/dm-podcast"}],"wp:attachment":[{"href":"https:\/\/serbenidorm.daliisolutions.com\/index.php\/wp-json\/wp\/v2\/media?parent=1469"}],"wp:term":[{"taxonomy":"dm-programa","embeddable":true,"href":"https:\/\/serbenidorm.daliisolutions.com\/index.php\/wp-json\/wp\/v2\/dm-programa?post=1469"}],"curies":[{"name":"wp","href":"https:\/\/api.w.org\/{rel}","templated":true}]}}

La Portada (Ana Durán) (16/01/2024): «Jóvenes, emancipación y políticas públicas»
