{"id":1476,"date":"2024-01-17T07:01:32","date_gmt":"2024-01-17T06:01:32","guid":{"rendered":"https:\/\/serbenidorm.daliisolutions.com\/index.php\/dm-podcast\/entrevista-a-jorge-rodriguez-alcalde-de-alcalde-de-ontinyent-y-secretario-general-de-ens-uneix-habla-tras-la-absolucion-definitiva-del-caso-alqueria\/"},"modified":"2024-01-17T07:01:32","modified_gmt":"2024-01-17T06:01:32","slug":"entrevista-a-jorge-rodriguez-alcalde-de-alcalde-de-ontinyent-y-secretario-general-de-ens-uneix-habla-tras-la-absolucion-definitiva-del-caso-alqueria","status":"publish","type":"dm-podcast","link":"https:\/\/serbenidorm.daliisolutions.com\/index.php\/dm-podcast\/entrevista-a-jorge-rodriguez-alcalde-de-alcalde-de-ontinyent-y-secretario-general-de-ens-uneix-habla-tras-la-absolucion-definitiva-del-caso-alqueria\/","title":{"rendered":"Entrevista a Jorge Rodr\u00edguez, alcalde de alcalde de Ontinyent y secretario general de Ens Uneix habla tras la absoluci\u00f3n definitiva del caso Alquer\u00eda"},"featured_media":0,"template":"","meta":{"_acf_changed":false},"dm-programa":[6],"class_list":["post-1476","dm-podcast","type-dm-podcast","status-publish","hentry","dm-programa-podcast-radio-valencia-la-ventana-comunitat-valenciana-2292"],"acf":{"url":"https:\/\/sdmedia.playser.cadenaser.com\/playser\/multimedia\/20241\/16\/1705426437828_1705426439_audio_128.mp3"},"_links":{"self":[{"href":"https:\/\/serbenidorm.daliisolutions.com\/index.php\/wp-json\/wp\/v2\/dm-podcast\/1476","targetHints":{"allow":["GET"]}}],"collection":[{"href":"https:\/\/serbenidorm.daliisolutions.com\/index.php\/wp-json\/wp\/v2\/dm-podcast"}],"about":[{"href":"https:\/\/serbenidorm.daliisolutions.com\/index.php\/wp-json\/wp\/v2\/types\/dm-podcast"}],"wp:attachment":[{"href":"https:\/\/serbenidorm.daliisolutions.com\/index.php\/wp-json\/wp\/v2\/media?parent=1476"}],"wp:term":[{"taxonomy":"dm-programa","embeddable":true,"href":"https:\/\/serbenidorm.daliisolutions.com\/index.php\/wp-json\/wp\/v2\/dm-programa?post=1476"}],"curies":[{"name":"wp","href":"https:\/\/api.w.org\/{rel}","templated":true}]}}

Entrevista a Jorge Rodríguez, alcalde de alcalde de Ontinyent y secretario general de Ens Uneix habla tras la absolución definitiva del caso Alquería
