{"id":1527,"date":"2024-01-18T15:03:53","date_gmt":"2024-01-18T14:03:53","guid":{"rendered":"https:\/\/serbenidorm.daliisolutions.com\/index.php\/dm-podcast\/oscar-puente-ministro-de-transporte-defiende-en-madrid-la-ampliacion-del-puerto-de-valencia-no-es-un-capricho-sino-una-necesidad-real\/"},"modified":"2024-01-18T15:03:53","modified_gmt":"2024-01-18T14:03:53","slug":"oscar-puente-ministro-de-transporte-defiende-en-madrid-la-ampliacion-del-puerto-de-valencia-no-es-un-capricho-sino-una-necesidad-real","status":"publish","type":"dm-podcast","link":"https:\/\/serbenidorm.daliisolutions.com\/index.php\/dm-podcast\/oscar-puente-ministro-de-transporte-defiende-en-madrid-la-ampliacion-del-puerto-de-valencia-no-es-un-capricho-sino-una-necesidad-real\/","title":{"rendered":"\u00d3scar Puente, ministro de Transporte, defiende en Madrid la ampliaci\u00f3n del Puerto de Val\u00e8ncia: \u00abNo es un capricho, sino una necesidad real\u00bb"},"featured_media":0,"template":"","meta":{"_acf_changed":false},"dm-programa":[7],"class_list":["post-1527","dm-podcast","type-dm-podcast","status-publish","hentry","dm-programa-podcast-radio-valencia-hora-14-comunitat-valenciana-2298"],"acf":{"url":"https:\/\/sdmedia.playser.cadenaser.com\/playser\/multimedia\/20241\/18\/1705580813216_1705580836_audio_128.mp3"},"_links":{"self":[{"href":"https:\/\/serbenidorm.daliisolutions.com\/index.php\/wp-json\/wp\/v2\/dm-podcast\/1527","targetHints":{"allow":["GET"]}}],"collection":[{"href":"https:\/\/serbenidorm.daliisolutions.com\/index.php\/wp-json\/wp\/v2\/dm-podcast"}],"about":[{"href":"https:\/\/serbenidorm.daliisolutions.com\/index.php\/wp-json\/wp\/v2\/types\/dm-podcast"}],"wp:attachment":[{"href":"https:\/\/serbenidorm.daliisolutions.com\/index.php\/wp-json\/wp\/v2\/media?parent=1527"}],"wp:term":[{"taxonomy":"dm-programa","embeddable":true,"href":"https:\/\/serbenidorm.daliisolutions.com\/index.php\/wp-json\/wp\/v2\/dm-programa?post=1527"}],"curies":[{"name":"wp","href":"https:\/\/api.w.org\/{rel}","templated":true}]}}

Óscar Puente, ministro de Transporte, defiende en Madrid la ampliación del Puerto de València: «No es un capricho, sino una necesidad real»
