{"id":1528,"date":"2024-01-18T15:03:53","date_gmt":"2024-01-18T14:03:53","guid":{"rendered":"https:\/\/serbenidorm.daliisolutions.com\/index.php\/dm-podcast\/miguel-barrachina-sindic-del-pp-en-les-corts-cree-que-hay-irregularidades-muy-graves-en-la-gestion-del-sector-publico-instrumental-durante-los-anos-del-botanic\/"},"modified":"2024-01-18T15:03:53","modified_gmt":"2024-01-18T14:03:53","slug":"miguel-barrachina-sindic-del-pp-en-les-corts-cree-que-hay-irregularidades-muy-graves-en-la-gestion-del-sector-publico-instrumental-durante-los-anos-del-botanic","status":"publish","type":"dm-podcast","link":"https:\/\/serbenidorm.daliisolutions.com\/index.php\/dm-podcast\/miguel-barrachina-sindic-del-pp-en-les-corts-cree-que-hay-irregularidades-muy-graves-en-la-gestion-del-sector-publico-instrumental-durante-los-anos-del-botanic\/","title":{"rendered":"Miguel Barrachina (s\u00edndic del PP en Les Corts) cree que hay \u00abirregularidades muy graves\u00bb en la gesti\u00f3n del sector p\u00fablico instrumental durante los a\u00f1os del Bot\u00e0nic"},"featured_media":0,"template":"","meta":{"_acf_changed":false},"dm-programa":[7],"class_list":["post-1528","dm-podcast","type-dm-podcast","status-publish","hentry","dm-programa-podcast-radio-valencia-hora-14-comunitat-valenciana-2298"],"acf":{"url":"https:\/\/sdmedia.playser.cadenaser.com\/playser\/multimedia\/20241\/18\/1705581999768_1705581992_audio_128.mp3"},"_links":{"self":[{"href":"https:\/\/serbenidorm.daliisolutions.com\/index.php\/wp-json\/wp\/v2\/dm-podcast\/1528","targetHints":{"allow":["GET"]}}],"collection":[{"href":"https:\/\/serbenidorm.daliisolutions.com\/index.php\/wp-json\/wp\/v2\/dm-podcast"}],"about":[{"href":"https:\/\/serbenidorm.daliisolutions.com\/index.php\/wp-json\/wp\/v2\/types\/dm-podcast"}],"wp:attachment":[{"href":"https:\/\/serbenidorm.daliisolutions.com\/index.php\/wp-json\/wp\/v2\/media?parent=1528"}],"wp:term":[{"taxonomy":"dm-programa","embeddable":true,"href":"https:\/\/serbenidorm.daliisolutions.com\/index.php\/wp-json\/wp\/v2\/dm-programa?post=1528"}],"curies":[{"name":"wp","href":"https:\/\/api.w.org\/{rel}","templated":true}]}}

Miguel Barrachina (síndic del PP en Les Corts) cree que hay «irregularidades muy graves» en la gestión del sector público instrumental durante los años del Botànic
