{"id":1529,"date":"2024-01-18T15:03:53","date_gmt":"2024-01-18T14:03:53","guid":{"rendered":"https:\/\/serbenidorm.daliisolutions.com\/index.php\/dm-podcast\/jose-maria-llanos-sindic-de-vox-en-les-corts-afirma-que-el-actual-gobierno-de-pp-y-vox-ha-reducido-el-gasto-superfluo\/"},"modified":"2024-01-18T15:03:53","modified_gmt":"2024-01-18T14:03:53","slug":"jose-maria-llanos-sindic-de-vox-en-les-corts-afirma-que-el-actual-gobierno-de-pp-y-vox-ha-reducido-el-gasto-superfluo","status":"publish","type":"dm-podcast","link":"https:\/\/serbenidorm.daliisolutions.com\/index.php\/dm-podcast\/jose-maria-llanos-sindic-de-vox-en-les-corts-afirma-que-el-actual-gobierno-de-pp-y-vox-ha-reducido-el-gasto-superfluo\/","title":{"rendered":"Jos\u00e9 Mar\u00eda Llanos (s\u00edndic de Vox en Les Corts) afirma que el actual gobierno de PP y Vox \u00abha reducido el gasto superfluo\u00bb"},"featured_media":0,"template":"","meta":{"_acf_changed":false},"dm-programa":[7],"class_list":["post-1529","dm-podcast","type-dm-podcast","status-publish","hentry","dm-programa-podcast-radio-valencia-hora-14-comunitat-valenciana-2298"],"acf":{"url":"https:\/\/sdmedia.playser.cadenaser.com\/playser\/multimedia\/20241\/18\/1705582063853_1705582062_audio_128.mp3"},"_links":{"self":[{"href":"https:\/\/serbenidorm.daliisolutions.com\/index.php\/wp-json\/wp\/v2\/dm-podcast\/1529","targetHints":{"allow":["GET"]}}],"collection":[{"href":"https:\/\/serbenidorm.daliisolutions.com\/index.php\/wp-json\/wp\/v2\/dm-podcast"}],"about":[{"href":"https:\/\/serbenidorm.daliisolutions.com\/index.php\/wp-json\/wp\/v2\/types\/dm-podcast"}],"wp:attachment":[{"href":"https:\/\/serbenidorm.daliisolutions.com\/index.php\/wp-json\/wp\/v2\/media?parent=1529"}],"wp:term":[{"taxonomy":"dm-programa","embeddable":true,"href":"https:\/\/serbenidorm.daliisolutions.com\/index.php\/wp-json\/wp\/v2\/dm-programa?post=1529"}],"curies":[{"name":"wp","href":"https:\/\/api.w.org\/{rel}","templated":true}]}}

José María Llanos (síndic de Vox en Les Corts) afirma que el actual gobierno de PP y Vox «ha reducido el gasto superfluo»
