{"id":1530,"date":"2024-01-18T15:03:53","date_gmt":"2024-01-18T14:03:53","guid":{"rendered":"https:\/\/serbenidorm.daliisolutions.com\/index.php\/dm-podcast\/joan-baldovi-sindic-de-compromis-en-les-corts-cree-que-pp-y-vox-quieren-tapar-la-gestion-anterior-a-2015-en-las-empresas-del-sector-publico-instrumental\/"},"modified":"2024-01-18T15:03:53","modified_gmt":"2024-01-18T14:03:53","slug":"joan-baldovi-sindic-de-compromis-en-les-corts-cree-que-pp-y-vox-quieren-tapar-la-gestion-anterior-a-2015-en-las-empresas-del-sector-publico-instrumental","status":"publish","type":"dm-podcast","link":"https:\/\/serbenidorm.daliisolutions.com\/index.php\/dm-podcast\/joan-baldovi-sindic-de-compromis-en-les-corts-cree-que-pp-y-vox-quieren-tapar-la-gestion-anterior-a-2015-en-las-empresas-del-sector-publico-instrumental\/","title":{"rendered":"Joan Baldov\u00ed (s\u00edndic de Comprom\u00eds en Les Corts) cree que PP y Vox quieren tapar la gesti\u00f3n anterior a 2015 en las empresas del sector p\u00fablico instrumental"},"featured_media":0,"template":"","meta":{"_acf_changed":false},"dm-programa":[7],"class_list":["post-1530","dm-podcast","type-dm-podcast","status-publish","hentry","dm-programa-podcast-radio-valencia-hora-14-comunitat-valenciana-2298"],"acf":{"url":"https:\/\/sdmedia.playser.cadenaser.com\/playser\/multimedia\/20241\/18\/1705582101320_1705582101_audio_128.mp3"},"_links":{"self":[{"href":"https:\/\/serbenidorm.daliisolutions.com\/index.php\/wp-json\/wp\/v2\/dm-podcast\/1530","targetHints":{"allow":["GET"]}}],"collection":[{"href":"https:\/\/serbenidorm.daliisolutions.com\/index.php\/wp-json\/wp\/v2\/dm-podcast"}],"about":[{"href":"https:\/\/serbenidorm.daliisolutions.com\/index.php\/wp-json\/wp\/v2\/types\/dm-podcast"}],"wp:attachment":[{"href":"https:\/\/serbenidorm.daliisolutions.com\/index.php\/wp-json\/wp\/v2\/media?parent=1530"}],"wp:term":[{"taxonomy":"dm-programa","embeddable":true,"href":"https:\/\/serbenidorm.daliisolutions.com\/index.php\/wp-json\/wp\/v2\/dm-programa?post=1530"}],"curies":[{"name":"wp","href":"https:\/\/api.w.org\/{rel}","templated":true}]}}

Joan Baldoví (síndic de Compromís en Les Corts) cree que PP y Vox quieren tapar la gestión anterior a 2015 en las empresas del sector público instrumental
