{"id":1535,"date":"2024-01-18T18:36:46","date_gmt":"2024-01-18T17:36:46","guid":{"rendered":"https:\/\/serbenidorm.daliisolutions.com\/index.php\/dm-podcast\/julia-climent-concejala-de-recursos-humanos-y-tecnicos-sobre-los-trabajos-de-reparacion-del-ascensor-del-colegio-tomas-de-villaroya-de-valencia\/"},"modified":"2024-01-18T18:36:46","modified_gmt":"2024-01-18T17:36:46","slug":"julia-climent-concejala-de-recursos-humanos-y-tecnicos-sobre-los-trabajos-de-reparacion-del-ascensor-del-colegio-tomas-de-villaroya-de-valencia","status":"publish","type":"dm-podcast","link":"https:\/\/serbenidorm.daliisolutions.com\/index.php\/dm-podcast\/julia-climent-concejala-de-recursos-humanos-y-tecnicos-sobre-los-trabajos-de-reparacion-del-ascensor-del-colegio-tomas-de-villaroya-de-valencia\/","title":{"rendered":"Julia Climent (concejala de Recursos Humanos y T\u00e9cnicos) sobre los trabajos de reparaci\u00f3n del ascensor del colegio Tom\u00e1s de Villaroya de Val\u00e8ncia"},"featured_media":0,"template":"","meta":{"_acf_changed":false},"dm-programa":[7],"class_list":["post-1535","dm-podcast","type-dm-podcast","status-publish","hentry","dm-programa-podcast-radio-valencia-hora-14-comunitat-valenciana-2298"],"acf":{"url":"https:\/\/sdmedia.playser.cadenaser.com\/playser\/multimedia\/20241\/18\/1705583249771_1705583597_audio_128.mp3"},"_links":{"self":[{"href":"https:\/\/serbenidorm.daliisolutions.com\/index.php\/wp-json\/wp\/v2\/dm-podcast\/1535","targetHints":{"allow":["GET"]}}],"collection":[{"href":"https:\/\/serbenidorm.daliisolutions.com\/index.php\/wp-json\/wp\/v2\/dm-podcast"}],"about":[{"href":"https:\/\/serbenidorm.daliisolutions.com\/index.php\/wp-json\/wp\/v2\/types\/dm-podcast"}],"wp:attachment":[{"href":"https:\/\/serbenidorm.daliisolutions.com\/index.php\/wp-json\/wp\/v2\/media?parent=1535"}],"wp:term":[{"taxonomy":"dm-programa","embeddable":true,"href":"https:\/\/serbenidorm.daliisolutions.com\/index.php\/wp-json\/wp\/v2\/dm-programa?post=1535"}],"curies":[{"name":"wp","href":"https:\/\/api.w.org\/{rel}","templated":true}]}}

Julia Climent (concejala de Recursos Humanos y Técnicos) sobre los trabajos de reparación del ascensor del colegio Tomás de Villaroya de València
