{"id":1537,"date":"2024-01-18T18:36:46","date_gmt":"2024-01-18T17:36:46","guid":{"rendered":"https:\/\/serbenidorm.daliisolutions.com\/index.php\/dm-podcast\/jose-munoz-sindic-del-pspv-en-les-corts-el-pp-tiene-la-memoria-muy-corta\/"},"modified":"2024-01-18T18:36:46","modified_gmt":"2024-01-18T17:36:46","slug":"jose-munoz-sindic-del-pspv-en-les-corts-el-pp-tiene-la-memoria-muy-corta","status":"publish","type":"dm-podcast","link":"https:\/\/serbenidorm.daliisolutions.com\/index.php\/dm-podcast\/jose-munoz-sindic-del-pspv-en-les-corts-el-pp-tiene-la-memoria-muy-corta\/","title":{"rendered":"Jos\u00e9 Mu\u00f1oz (s\u00edndic del PSPV en Les Corts): \u00abEl PP tiene la memoria muy corta\u00bb"},"featured_media":0,"template":"","meta":{"_acf_changed":false},"dm-programa":[7],"class_list":["post-1537","dm-podcast","type-dm-podcast","status-publish","hentry","dm-programa-podcast-radio-valencia-hora-14-comunitat-valenciana-2298"],"acf":{"url":"https:\/\/sdmedia.playser.cadenaser.com\/playser\/multimedia\/20241\/18\/1705584272795_1705584287_audio_128.mp3"},"_links":{"self":[{"href":"https:\/\/serbenidorm.daliisolutions.com\/index.php\/wp-json\/wp\/v2\/dm-podcast\/1537","targetHints":{"allow":["GET"]}}],"collection":[{"href":"https:\/\/serbenidorm.daliisolutions.com\/index.php\/wp-json\/wp\/v2\/dm-podcast"}],"about":[{"href":"https:\/\/serbenidorm.daliisolutions.com\/index.php\/wp-json\/wp\/v2\/types\/dm-podcast"}],"wp:attachment":[{"href":"https:\/\/serbenidorm.daliisolutions.com\/index.php\/wp-json\/wp\/v2\/media?parent=1537"}],"wp:term":[{"taxonomy":"dm-programa","embeddable":true,"href":"https:\/\/serbenidorm.daliisolutions.com\/index.php\/wp-json\/wp\/v2\/dm-programa?post=1537"}],"curies":[{"name":"wp","href":"https:\/\/api.w.org\/{rel}","templated":true}]}}

José Muñoz (síndic del PSPV en Les Corts): «El PP tiene la memoria muy corta»
