{"id":1550,"date":"2024-01-19T07:06:05","date_gmt":"2024-01-19T06:06:05","guid":{"rendered":"https:\/\/serbenidorm.daliisolutions.com\/index.php\/dm-podcast\/entrevista-al-sindic-de-comptes-vicent-cucarella-tras-la-auditoria-anunciada-por-carlos-mazon\/"},"modified":"2024-01-19T07:06:05","modified_gmt":"2024-01-19T06:06:05","slug":"entrevista-al-sindic-de-comptes-vicent-cucarella-tras-la-auditoria-anunciada-por-carlos-mazon","status":"publish","type":"dm-podcast","link":"https:\/\/serbenidorm.daliisolutions.com\/index.php\/dm-podcast\/entrevista-al-sindic-de-comptes-vicent-cucarella-tras-la-auditoria-anunciada-por-carlos-mazon\/","title":{"rendered":"Entrevista al S\u00edndic de Comptes Vicent Cucarella, tras la auditor\u00eda anunciada por Carlos Maz\u00f3n"},"featured_media":0,"template":"","meta":{"_acf_changed":false},"dm-programa":[6],"class_list":["post-1550","dm-podcast","type-dm-podcast","status-publish","hentry","dm-programa-podcast-radio-valencia-la-ventana-comunitat-valenciana-2292"],"acf":{"url":"https:\/\/sdmedia.playser.cadenaser.com\/playser\/multimedia\/20241\/17\/1705516931786_1705516947_audio_128.mp3"},"_links":{"self":[{"href":"https:\/\/serbenidorm.daliisolutions.com\/index.php\/wp-json\/wp\/v2\/dm-podcast\/1550","targetHints":{"allow":["GET"]}}],"collection":[{"href":"https:\/\/serbenidorm.daliisolutions.com\/index.php\/wp-json\/wp\/v2\/dm-podcast"}],"about":[{"href":"https:\/\/serbenidorm.daliisolutions.com\/index.php\/wp-json\/wp\/v2\/types\/dm-podcast"}],"wp:attachment":[{"href":"https:\/\/serbenidorm.daliisolutions.com\/index.php\/wp-json\/wp\/v2\/media?parent=1550"}],"wp:term":[{"taxonomy":"dm-programa","embeddable":true,"href":"https:\/\/serbenidorm.daliisolutions.com\/index.php\/wp-json\/wp\/v2\/dm-programa?post=1550"}],"curies":[{"name":"wp","href":"https:\/\/api.w.org\/{rel}","templated":true}]}}

Entrevista al Síndic de Comptes Vicent Cucarella, tras la auditoría anunciada por Carlos Mazón
