{"id":1571,"date":"2024-01-19T19:37:38","date_gmt":"2024-01-19T18:37:38","guid":{"rendered":"https:\/\/serbenidorm.daliisolutions.com\/index.php\/dm-podcast\/marciano-gomez-conseller-de-sanidad-anuncia-que-sanidad-valorara-el-valenciano-como-un-merito-inferior-al-doctorado-para-poder-acceder-a-las-plantillas-publicas\/"},"modified":"2024-01-19T19:37:38","modified_gmt":"2024-01-19T18:37:38","slug":"marciano-gomez-conseller-de-sanidad-anuncia-que-sanidad-valorara-el-valenciano-como-un-merito-inferior-al-doctorado-para-poder-acceder-a-las-plantillas-publicas","status":"publish","type":"dm-podcast","link":"https:\/\/serbenidorm.daliisolutions.com\/index.php\/dm-podcast\/marciano-gomez-conseller-de-sanidad-anuncia-que-sanidad-valorara-el-valenciano-como-un-merito-inferior-al-doctorado-para-poder-acceder-a-las-plantillas-publicas\/","title":{"rendered":"Marciano G\u00f3mez (conseller de Sanidad) anuncia que Sanidad valorar\u00e1 el valenciano como un m\u00e9rito inferior al doctorado para poder acceder a las plantillas p\u00fablicas"},"featured_media":0,"template":"","meta":{"_acf_changed":false},"dm-programa":[7],"class_list":["post-1571","dm-podcast","type-dm-podcast","status-publish","hentry","dm-programa-podcast-radio-valencia-hora-14-comunitat-valenciana-2298"],"acf":{"url":"https:\/\/sdmedia.playser.cadenaser.com\/playser\/multimedia\/20241\/19\/1705673925614_1705673942_audio_128.mp3"},"_links":{"self":[{"href":"https:\/\/serbenidorm.daliisolutions.com\/index.php\/wp-json\/wp\/v2\/dm-podcast\/1571","targetHints":{"allow":["GET"]}}],"collection":[{"href":"https:\/\/serbenidorm.daliisolutions.com\/index.php\/wp-json\/wp\/v2\/dm-podcast"}],"about":[{"href":"https:\/\/serbenidorm.daliisolutions.com\/index.php\/wp-json\/wp\/v2\/types\/dm-podcast"}],"wp:attachment":[{"href":"https:\/\/serbenidorm.daliisolutions.com\/index.php\/wp-json\/wp\/v2\/media?parent=1571"}],"wp:term":[{"taxonomy":"dm-programa","embeddable":true,"href":"https:\/\/serbenidorm.daliisolutions.com\/index.php\/wp-json\/wp\/v2\/dm-programa?post=1571"}],"curies":[{"name":"wp","href":"https:\/\/api.w.org\/{rel}","templated":true}]}}

Marciano Gómez (conseller de Sanidad) anuncia que Sanidad valorará el valenciano como un mérito inferior al doctorado para poder acceder a las plantillas públicas
