{"id":1657,"date":"2024-01-23T14:03:33","date_gmt":"2024-01-23T13:03:33","guid":{"rendered":"https:\/\/serbenidorm.daliisolutions.com\/index.php\/dm-podcast\/educando-en-inclusion-como-trabajar-la-tolerancia-ante-la-frustracion-en-el-ambito-educativo\/"},"modified":"2024-01-23T14:03:33","modified_gmt":"2024-01-23T13:03:33","slug":"educando-en-inclusion-como-trabajar-la-tolerancia-ante-la-frustracion-en-el-ambito-educativo","status":"publish","type":"dm-podcast","link":"https:\/\/serbenidorm.daliisolutions.com\/index.php\/dm-podcast\/educando-en-inclusion-como-trabajar-la-tolerancia-ante-la-frustracion-en-el-ambito-educativo\/","title":{"rendered":"Educando en Inclusi\u00f3n: C\u00f3mo trabajar la tolerancia ante la frustraci\u00f3n en el \u00e1mbito educativo"},"featured_media":0,"template":"","meta":{"_acf_changed":false},"dm-programa":[2],"class_list":["post-1657","dm-podcast","type-dm-podcast","status-publish","hentry","dm-programa-podcast-radio-benidorm-3154"],"acf":{"url":"https:\/\/sdmedia.playser.cadenaser.com\/playser\/multimedia\/20241\/23\/1706012842361_1706012995_audio_128.mp3"},"_links":{"self":[{"href":"https:\/\/serbenidorm.daliisolutions.com\/index.php\/wp-json\/wp\/v2\/dm-podcast\/1657","targetHints":{"allow":["GET"]}}],"collection":[{"href":"https:\/\/serbenidorm.daliisolutions.com\/index.php\/wp-json\/wp\/v2\/dm-podcast"}],"about":[{"href":"https:\/\/serbenidorm.daliisolutions.com\/index.php\/wp-json\/wp\/v2\/types\/dm-podcast"}],"wp:attachment":[{"href":"https:\/\/serbenidorm.daliisolutions.com\/index.php\/wp-json\/wp\/v2\/media?parent=1657"}],"wp:term":[{"taxonomy":"dm-programa","embeddable":true,"href":"https:\/\/serbenidorm.daliisolutions.com\/index.php\/wp-json\/wp\/v2\/dm-programa?post=1657"}],"curies":[{"name":"wp","href":"https:\/\/api.w.org\/{rel}","templated":true}]}}

Educando en Inclusión: Cómo trabajar la tolerancia ante la frustración en el ámbito educativo
