{"id":1668,"date":"2024-01-23T18:23:43","date_gmt":"2024-01-23T17:23:43","guid":{"rendered":"https:\/\/serbenidorm.daliisolutions.com\/index.php\/dm-podcast\/juanma-badenas-vox-yo-ideologicamente-no-creo-en-la-capitalidad-verde-pero-como-vicealcalde-de-valencia-si-que-vengo-a-los-actos-institucionales\/"},"modified":"2024-01-23T18:23:43","modified_gmt":"2024-01-23T17:23:43","slug":"juanma-badenas-vox-yo-ideologicamente-no-creo-en-la-capitalidad-verde-pero-como-vicealcalde-de-valencia-si-que-vengo-a-los-actos-institucionales","status":"publish","type":"dm-podcast","link":"https:\/\/serbenidorm.daliisolutions.com\/index.php\/dm-podcast\/juanma-badenas-vox-yo-ideologicamente-no-creo-en-la-capitalidad-verde-pero-como-vicealcalde-de-valencia-si-que-vengo-a-los-actos-institucionales\/","title":{"rendered":"Juanma Badenas (Vox): \u00abYo, ideol\u00f3gicamente no creo en la capitalidad verde, pero como vicealcalde de Val\u00e8ncia s\u00ed que vengo a los actos institucionales\u00bb"},"featured_media":0,"template":"","meta":{"_acf_changed":false},"dm-programa":[7],"class_list":["post-1668","dm-podcast","type-dm-podcast","status-publish","hentry","dm-programa-podcast-radio-valencia-hora-14-comunitat-valenciana-2298"],"acf":{"url":"https:\/\/sdmedia.playser.cadenaser.com\/playser\/multimedia\/20241\/23\/1706024106787_1706024172_audio_128.mp3"},"_links":{"self":[{"href":"https:\/\/serbenidorm.daliisolutions.com\/index.php\/wp-json\/wp\/v2\/dm-podcast\/1668","targetHints":{"allow":["GET"]}}],"collection":[{"href":"https:\/\/serbenidorm.daliisolutions.com\/index.php\/wp-json\/wp\/v2\/dm-podcast"}],"about":[{"href":"https:\/\/serbenidorm.daliisolutions.com\/index.php\/wp-json\/wp\/v2\/types\/dm-podcast"}],"wp:attachment":[{"href":"https:\/\/serbenidorm.daliisolutions.com\/index.php\/wp-json\/wp\/v2\/media?parent=1668"}],"wp:term":[{"taxonomy":"dm-programa","embeddable":true,"href":"https:\/\/serbenidorm.daliisolutions.com\/index.php\/wp-json\/wp\/v2\/dm-programa?post=1668"}],"curies":[{"name":"wp","href":"https:\/\/api.w.org\/{rel}","templated":true}]}}

Juanma Badenas (Vox): «Yo, ideológicamente no creo en la capitalidad verde, pero como vicealcalde de València sí que vengo a los actos institucionales»
