{"id":1669,"date":"2024-01-23T18:23:43","date_gmt":"2024-01-23T17:23:43","guid":{"rendered":"https:\/\/serbenidorm.daliisolutions.com\/index.php\/dm-podcast\/maria-jose-catala-pp-debe-ser-un-error-lexico-porque-no-existen-vicealcaldes-en-la-ciudad-de-valencia\/"},"modified":"2024-01-23T18:23:43","modified_gmt":"2024-01-23T17:23:43","slug":"maria-jose-catala-pp-debe-ser-un-error-lexico-porque-no-existen-vicealcaldes-en-la-ciudad-de-valencia","status":"publish","type":"dm-podcast","link":"https:\/\/serbenidorm.daliisolutions.com\/index.php\/dm-podcast\/maria-jose-catala-pp-debe-ser-un-error-lexico-porque-no-existen-vicealcaldes-en-la-ciudad-de-valencia\/","title":{"rendered":"Mar\u00eda Jos\u00e9 Catal\u00e1 (PP): \u00abDebe ser un error l\u00e9xico, porque no existen vicealcaldes en la ciudad de Val\u00e8ncia\u00bb"},"featured_media":0,"template":"","meta":{"_acf_changed":false},"dm-programa":[7],"class_list":["post-1669","dm-podcast","type-dm-podcast","status-publish","hentry","dm-programa-podcast-radio-valencia-hora-14-comunitat-valenciana-2298"],"acf":{"url":"https:\/\/sdmedia.playser.cadenaser.com\/playser\/multimedia\/20241\/23\/1706024329869_1706024363_audio_128.mp3"},"_links":{"self":[{"href":"https:\/\/serbenidorm.daliisolutions.com\/index.php\/wp-json\/wp\/v2\/dm-podcast\/1669","targetHints":{"allow":["GET"]}}],"collection":[{"href":"https:\/\/serbenidorm.daliisolutions.com\/index.php\/wp-json\/wp\/v2\/dm-podcast"}],"about":[{"href":"https:\/\/serbenidorm.daliisolutions.com\/index.php\/wp-json\/wp\/v2\/types\/dm-podcast"}],"wp:attachment":[{"href":"https:\/\/serbenidorm.daliisolutions.com\/index.php\/wp-json\/wp\/v2\/media?parent=1669"}],"wp:term":[{"taxonomy":"dm-programa","embeddable":true,"href":"https:\/\/serbenidorm.daliisolutions.com\/index.php\/wp-json\/wp\/v2\/dm-programa?post=1669"}],"curies":[{"name":"wp","href":"https:\/\/api.w.org\/{rel}","templated":true}]}}

María José Catalá (PP): «Debe ser un error léxico, porque no existen vicealcaldes en la ciudad de València»
