{"id":1690,"date":"2024-01-24T16:52:48","date_gmt":"2024-01-24T15:52:48","guid":{"rendered":"https:\/\/serbenidorm.daliisolutions.com\/index.php\/dm-podcast\/maria-jose-catala-el-asunto-del-alcalde-de-noche-lo-hemos-hablado-con-la-federacion-de-hosteleria\/"},"modified":"2024-01-24T16:52:48","modified_gmt":"2024-01-24T15:52:48","slug":"maria-jose-catala-el-asunto-del-alcalde-de-noche-lo-hemos-hablado-con-la-federacion-de-hosteleria","status":"publish","type":"dm-podcast","link":"https:\/\/serbenidorm.daliisolutions.com\/index.php\/dm-podcast\/maria-jose-catala-el-asunto-del-alcalde-de-noche-lo-hemos-hablado-con-la-federacion-de-hosteleria\/","title":{"rendered":"Mar\u00eda Jos\u00e9 Catal\u00e1: \u00abEl asunto del alcalde de noche lo hemos hablado con la Federaci\u00f3n de Hosteler\u00eda\u00bb"},"featured_media":0,"template":"","meta":{"_acf_changed":false},"dm-programa":[7],"class_list":["post-1690","dm-podcast","type-dm-podcast","status-publish","hentry","dm-programa-podcast-radio-valencia-hora-14-comunitat-valenciana-2298"],"acf":{"url":"https:\/\/sdmedia.playser.cadenaser.com\/playser\/multimedia\/20241\/23\/1706026015571_1706026098_audio_128.mp3"},"_links":{"self":[{"href":"https:\/\/serbenidorm.daliisolutions.com\/index.php\/wp-json\/wp\/v2\/dm-podcast\/1690","targetHints":{"allow":["GET"]}}],"collection":[{"href":"https:\/\/serbenidorm.daliisolutions.com\/index.php\/wp-json\/wp\/v2\/dm-podcast"}],"about":[{"href":"https:\/\/serbenidorm.daliisolutions.com\/index.php\/wp-json\/wp\/v2\/types\/dm-podcast"}],"wp:attachment":[{"href":"https:\/\/serbenidorm.daliisolutions.com\/index.php\/wp-json\/wp\/v2\/media?parent=1690"}],"wp:term":[{"taxonomy":"dm-programa","embeddable":true,"href":"https:\/\/serbenidorm.daliisolutions.com\/index.php\/wp-json\/wp\/v2\/dm-programa?post=1690"}],"curies":[{"name":"wp","href":"https:\/\/api.w.org\/{rel}","templated":true}]}}

María José Catalá: «El asunto del alcalde de noche lo hemos hablado con la Federación de Hostelería»
