{"id":1693,"date":"2024-01-24T16:52:48","date_gmt":"2024-01-24T15:52:48","guid":{"rendered":"https:\/\/serbenidorm.daliisolutions.com\/index.php\/dm-podcast\/jose-luis-martinez-almeida-alcalde-de-madrid-se-hara-la-mascleta-pero-todavia-no-sabemos-en-que-emplazamiento\/"},"modified":"2024-01-24T16:52:48","modified_gmt":"2024-01-24T15:52:48","slug":"jose-luis-martinez-almeida-alcalde-de-madrid-se-hara-la-mascleta-pero-todavia-no-sabemos-en-que-emplazamiento","status":"publish","type":"dm-podcast","link":"https:\/\/serbenidorm.daliisolutions.com\/index.php\/dm-podcast\/jose-luis-martinez-almeida-alcalde-de-madrid-se-hara-la-mascleta-pero-todavia-no-sabemos-en-que-emplazamiento\/","title":{"rendered":"Jos\u00e9 Luis Mart\u00ednez-Almeida (alcalde de Madrid): \u00abSe har\u00e1 la masclet\u00e1, pero todav\u00eda no sabemos en qu\u00e9 emplazamiento\u00bb"},"featured_media":0,"template":"","meta":{"_acf_changed":false},"dm-programa":[7],"class_list":["post-1693","dm-podcast","type-dm-podcast","status-publish","hentry","dm-programa-podcast-radio-valencia-hora-14-comunitat-valenciana-2298"],"acf":{"url":"https:\/\/sdmedia.playser.cadenaser.com\/playser\/multimedia\/20241\/24\/1706104062638_1706104090_audio_128.mp3"},"_links":{"self":[{"href":"https:\/\/serbenidorm.daliisolutions.com\/index.php\/wp-json\/wp\/v2\/dm-podcast\/1693","targetHints":{"allow":["GET"]}}],"collection":[{"href":"https:\/\/serbenidorm.daliisolutions.com\/index.php\/wp-json\/wp\/v2\/dm-podcast"}],"about":[{"href":"https:\/\/serbenidorm.daliisolutions.com\/index.php\/wp-json\/wp\/v2\/types\/dm-podcast"}],"wp:attachment":[{"href":"https:\/\/serbenidorm.daliisolutions.com\/index.php\/wp-json\/wp\/v2\/media?parent=1693"}],"wp:term":[{"taxonomy":"dm-programa","embeddable":true,"href":"https:\/\/serbenidorm.daliisolutions.com\/index.php\/wp-json\/wp\/v2\/dm-programa?post=1693"}],"curies":[{"name":"wp","href":"https:\/\/api.w.org\/{rel}","templated":true}]}}

José Luis Martínez-Almeida (alcalde de Madrid): «Se hará la mascletá, pero todavía no sabemos en qué emplazamiento»
